NOAA-Style Climate Reports


Report for 2019 October
                   Monthly Climatological Summary for Oct 2019

Name: Durrow   City: Laois   State: Ireland
Elevation: 89 m  Lat: N 52° 50' 40"   Lon: W 007° 23' 18"

                  Temperature (°C), Rain (mm), Wind Speed (mph)

                                      Heat  Cool        Avg
    Mean                              Deg   Deg         Wind                 Dom
Day Temp  High   Time   Low    Time   Days  Days  Rain  Speed High   Time    Dir
----------------------------------------------------------------------------------
 1   6.6  11.4   15:28   0.3   06:51  11.7   0.0   0.2   5.4  30.0   14:24     N
 2   8.7  12.6   15:09   5.2   00:27   9.6   0.0   0.0   3.8  26.0   09:41     N
 3  12.6  16.1   16:53  11.1   05:41   5.7   0.0   4.8  11.2  39.0   11:21    NW
 4  12.7  15.8   15:02  10.1   01:38   5.6   0.0   0.2   7.5  37.0   11:44    NW
 5  12.0  14.8   11:18   9.0   06:29   6.3   0.0  15.6   7.1  25.0   12:59   WSW
 6  12.5  15.4   15:13  10.5   19:32   5.8   0.0   7.4   8.8  35.0   04:55    SW
 7  12.9  17.5   16:09   9.9   08:07   5.4   0.0   0.6   7.3  25.0   03:41   WSW
 8  10.5  14.7   13:49   7.8   05:04   7.8   0.0   0.6   7.8  31.0   14:12   NNW
 9  10.2  13.3   13:35   8.6   00:57   8.1   0.0   2.8   7.0  27.0   13:47     N
10  12.8  16.9   13:31   9.6   07:52   5.5   0.0   1.2   7.7  31.0   17:52   NNW
11   9.4  14.4   12:55   3.7   07:38   8.9   0.0   0.0   4.1  23.0   12:18     N
12  10.1  14.8   14:24   7.4   23:11   8.2   0.0   6.2   5.1  22.0   15:47     S
13   9.1  14.1   15:01   4.2   02:16   9.2   0.0   6.0   3.5  17.0   09:57   SSW
14  11.7  14.4   13:32  10.0   08:08   6.6   0.0   4.8   5.5  22.0   14:09   SSE
----------------------------------------------------------------------------------
    10.8  17.5     7     0.3     1   104.4   0.0  50.4   6.6  39.0     3     WNW

Max >=  27.0:  0
Max <=   0.0:  0
Min <=   0.0:  0
Min <= -18.0:  0
Max Rain: 15.6 on day 5
Days of Rain: 12 (>= 0.2 mm)  8 (>= 1.0 mm)  0 (>= 20.0 mm)
Heat Base: 18.3  Cool Base: 18.3  Method: Integration