NOAA-Style Climate Reports


Report for 2018 July
                   Monthly Climatological Summary for Jul 2018

Name: Durrow   City: Laois   State: Ireland
Elevation: 89 m  Lat: N 52° 50' 40"   Lon: W 007° 23' 18"

                  Temperature (°C), Rain (mm), Wind Speed (mph)

                                      Heat  Cool        Avg
    Mean                              Deg   Deg         Wind                 Dom
Day Temp  High   Time   Low    Time   Days  Days  Rain  Speed High   Time    Dir
----------------------------------------------------------------------------------
 1  18.0  25.4   17:22  11.4   05:05   2.4   2.0   0.0   8.7  24.0   11:55   NNE
 2  19.3  26.8   15:10  11.9   05:33   1.7   2.7   0.0   5.0  24.0   15:42    NE
 3  19.0  27.0   16:19   9.1   04:51   2.7   3.4   0.0   3.9  20.0   11:44   ESE
 4  19.5  27.4   14:32  13.8   03:39   1.6   2.8   0.0   3.5  15.0   17:32    SW
 5  18.7  24.2   17:00  14.8   02:30   1.3   1.7   0.0   2.1  16.0   03:13    NW
 6  18.9  24.9   16:55  11.4   05:17   1.3   1.9   0.0   2.5  20.0   18:38   WNW
 7  20.1  26.4   17:59  12.7   05:44   1.1   2.9   0.0   2.0  16.0   17:19     W
 8  20.0  25.6   16:10  15.4   04:53   0.8   2.4   0.0   2.6  15.0   18:25   NNW
 9  17.6  24.7   15:14   9.6   05:28   2.7   2.0   0.0   3.5  16.0   15:01     N
10  18.8  25.8   17:50  12.3   06:09   1.7   2.2   0.0   2.5  16.0   21:03   ENE
11  18.0  23.8   15:06  13.6   05:43   1.5   1.2   0.0   4.8  20.0   16:49   NNE
12  16.2  18.2   16:52  14.2   06:01   2.1   0.0   0.0   2.2  19.0   10:51     N
13  17.4  22.9   16:48  10.6   05:30   1.9   1.0   0.0   2.6  19.0   15:34   WSW
14  19.9  24.2   14:33  16.5   07:31   0.5   2.0   0.0   4.6  21.0   20:07    SW
15  15.9  18.3   14:22  13.3   01:57   2.4   0.0   4.2   4.2  23.0   21:34   SSW
16  15.1  19.8   14:23  10.7   03:49   3.2   0.1   0.0   3.9  24.0   16:53   WNW
17  15.8  20.7   15:19  11.3   04:40   2.7   0.2   0.0   2.4  16.0   17:02    SW
18  15.5  20.9   16:10   8.8   06:03   3.3   0.5   0.0   1.9  18.0   14:31   WNW
19  17.2  21.8   17:24  13.9   04:39   2.0   0.8   1.5   3.5  19.0   15:21   WNW
20  16.2  21.6   14:59  12.4   05:03   2.5   0.4   1.0   3.7  22.0   18:30   NNW
----------------------------------------------------------------------------------
    17.9  27.4     4     8.8    18    39.4  30.2   6.7   3.5  24.0     1      NW

Max >=  27.0:  2
Max <=   0.0:  0
Min <=   0.0:  0
Min <= -18.0:  0
Max Rain: 4.2 on day 15
Days of Rain: 3 (>= 0.2 mm)  3 (>= 1.0 mm)  0 (>= 20.0 mm)
Heat Base: 18.3  Cool Base: 18.3  Method: Integration