NOAA-Style Climate Reports


Report for 2017 June
                   Monthly Climatological Summary for Jun 2017

Name: Durrow   City: Laois   State: Ireland
Elevation: 89 m  Lat: N 52° 50' 40"   Lon: W 007° 23' 18"

                  Temperature (°C), Rain (mm), Wind Speed (mph)

                                      Heat  Cool        Avg
    Mean                              Deg   Deg         Wind                 Dom
Day Temp  High   Time   Low    Time   Days  Days  Rain  Speed High   Time    Dir
----------------------------------------------------------------------------------
 1  12.3  15.6   12:29   7.8   05:38   6.0   0.0   7.6   3.6  22.0   10:12   SSW
 2  13.6  19.2   14:56   8.6   01:34   4.7   0.0   0.0   5.2  22.0   09:04    SW
 3  11.6  16.9   15:24   5.9   05:37   6.7   0.0   3.0   5.4  29.0   19:39   WSW
 4  12.7  16.4   16:47   9.8   22:03   5.5   0.0   7.6   7.6  25.0   12:43    SW
 5  10.8  14.7   11:50   8.0   05:07   7.5   0.0  12.2   9.0  35.0   08:54   WNW
 6  11.2  15.3   14:16   7.2   05:41   7.1   0.0   5.6   9.4  40.0   14:19   WNW
 7  13.4  16.1   12:14  11.8   15:05   4.9   0.0  12.7   6.4  25.0   15:54   SSE
 8  12.6  17.8   13:41   6.8   05:13   5.7   0.0   5.6   5.7  30.0   14:44    SW
 9  14.5  17.9   13:53  11.4   23:06   3.8   0.0  13.0  10.0  31.0   01:37     S
10  15.3  19.9   14:07  12.3   02:33   3.1   0.2   0.5  11.3  35.0   17:07   SSW
11  13.4  17.4   14:50  10.7   05:47   4.9   0.0   4.0  10.3  36.0   14:08   WSW
12  13.9  15.6   15:28  12.4   03:17   4.4   0.0   0.8   4.9  29.0   11:17   WSW
13  14.4  18.4   13:52  10.7   03:51   3.9   0.0   0.0   7.5  22.0   19:19     S
14  14.5  18.4   14:47  11.6   05:31   3.8   0.0   0.8   9.4  26.0   12:23     S
15  13.9  17.3   13:05  12.1   21:57   4.4   0.0   0.2   7.0  34.0   17:18   WSW
16  17.1  22.2   19:07  10.4   05:30   2.0   0.8   0.0   2.7  27.0   13:32   WNW
17  18.8  26.2   17:22  10.9   04:58   2.2   2.7   0.0   2.9  16.0   14:29   WSW
18  19.7  26.5   18:10  12.0   05:25   1.3   2.7   0.0   2.6  15.0   13:47    SW
19  20.0  27.7   16:31  12.8   04:41   1.5   3.3   0.0   3.5  16.0   23:14   NNE
20  20.3  27.4   15:28  15.8   04:02   0.6   2.6   0.8   4.4  26.0   04:58   ESE
21  18.8  26.6   16:42  12.8   09:24   1.8   2.3   0.2   8.3  25.0   11:41   WSW
22  15.6  18.7   16:11  13.1   10:40   2.7   0.0   0.0   7.1  24.0   09:02   WSW
23  14.9  17.9   14:37  12.6   01:32   3.4   0.0   0.0   6.3  23.0   14:00     W
24  15.1  19.6   12:34  12.3   00:25   3.3   0.1   0.8   7.7  27.0   13:00     W
25  13.2  18.2   09:58   9.1   04:39   5.1   0.0   0.2   4.1  25.0   15:35   WNW
----------------------------------------------------------------------------------
    14.9  27.7    19     5.9     3   100.3  14.7  75.6   6.5  40.0     6      SW

Max >=  27.0:  2
Max <=   0.0:  0
Min <=   0.0:  0
Min <= -18.0:  0
Max Rain: 13.0 on day 9
Days of Rain: 17 (>= 0.2 mm)  9 (>= 1.0 mm)  0 (>= 20.0 mm)
Heat Base: 18.3  Cool Base: 18.3  Method: Integration