NOAA-Style Climate Reports


Report for 2018 September
                   Monthly Climatological Summary for Sep 2018

Name: Durrow   City: Laois   State: Ireland
Elevation: 89 m  Lat: N 52° 50' 40"   Lon: W 007° 23' 18"

                  Temperature (°C), Rain (mm), Wind Speed (mph)

                                      Heat  Cool        Avg
    Mean                              Deg   Deg         Wind                 Dom
Day Temp  High   Time   Low    Time   Days  Days  Rain  Speed High   Time    Dir
----------------------------------------------------------------------------------
 1  17.2  22.9   17:18  14.1   03:22   2.0   0.9   0.5   5.6  24.0   22:32     S
 2  15.1  21.9   12:54   8.5   07:38   3.7   0.5   3.9   5.6  20.0   12:44   WNW
 3  10.4  16.6   15:15   3.3   07:05   7.9   0.0   0.0   4.1  23.0   17:00     N
 4  11.8  16.1   14:21   4.9   07:01   6.5   0.0   0.0   2.8  21.0   11:48     N
 5  14.6  18.2   14:17  12.7   06:27   3.7   0.0   4.3   5.1  18.0   17:59   WNW
 6  10.2  15.2   12:57   3.9   06:53   8.1   0.0   2.8   3.8  19.0   18:14   NNW
 7  13.7  15.8   17:06  10.7   10:00   4.6   0.0   4.0   3.5  20.0   06:49    SW
 8  14.8  17.6   16:00  12.0   05:01   3.5   0.0   0.5   7.3  25.0   02:14    SW
 9  13.4  17.2   16:17  11.1   03:54   4.9   0.0   1.1   7.0  31.0   13:21     W
10  13.7  16.5   21:18  11.2   04:20   4.6   0.0   7.1   6.7  22.0   11:05    SW
11  11.7  16.4   15:00   6.1   07:02   6.6   0.0   5.3   3.6  28.0   15:50     W
12  12.0  16.3   16:32   8.9   03:35   6.3   0.0   0.0   3.8  22.0   23:50     W
13  12.8  16.3   12:47  11.1   21:38   5.5   0.0   1.8   4.9  24.0   12:26   WSW
14  13.2  16.8   15:33  11.5   01:15   5.1   0.0   1.5   5.1  27.0   13:47     W
15  14.7  17.1   14:20  12.1   07:07   3.6   0.0   3.8   9.7  37.0   23:46   SSW
16  13.3  18.6   16:42   9.3   22:26   5.0   0.0   0.0   5.1  28.0   09:04    SW
17  16.0  19.0   14:43  12.6   08:03   2.3   0.0   7.9   9.8  38.0   16:21     S
18  15.2  19.9   13:58  10.6   02:00   3.2   0.1   1.5  12.8  53.0   08:47    SW
19  10.8  14.6   15:06   5.8   06:34   7.5   0.0   0.0   9.3  55.0   10:15   WSW
20   7.7  10.3   09:59   6.2   01:18  10.6   0.0  21.3   6.5  27.0   06:36    NW
21  10.0  14.2   13:26   7.4   04:53   8.3   0.0   2.1   6.7  39.0   12:46   WNW
22   8.9  12.2   15:54   5.3   07:20   9.4   0.0   1.5   2.1  16.0   09:59   ENE
23   6.5  13.0   16:19  -0.3   07:28  11.8   0.0   0.0   3.3  27.0   13:00   NNW
----------------------------------------------------------------------------------
    12.5  22.9     1    -0.3    23   134.7   1.5  70.9   5.8  55.0    19     WSW

Max >=  27.0:  0
Max <=   0.0:  0
Min <=   0.0:  1
Min <= -18.0:  0
Max Rain: 21.3 on day 20
Days of Rain: 17 (>= 0.2 mm)  15 (>= 1.0 mm)  1 (>= 20.0 mm)
Heat Base: 18.3  Cool Base: 18.3  Method: Integration