NOAA-Style Climate Reports


Report for 2018 November
                   Monthly Climatological Summary for Nov 2018

Name: Durrow   City: Laois   State: Ireland
Elevation: 89 m  Lat: N 52° 50' 40"   Lon: W 007° 23' 18"

                  Temperature (°C), Rain (mm), Wind Speed (mph)

                                      Heat  Cool        Avg
    Mean                              Deg   Deg         Wind                 Dom
Day Temp  High   Time   Low    Time   Days  Days  Rain  Speed High   Time    Dir
----------------------------------------------------------------------------------
 1   1.3   9.4   13:42  -4.5   07:27  17.0   0.0   0.0   1.7  19.0   12:40    NW
 2   9.7  13.9   04:15  -0.1   09:00   8.5   0.0   4.6  11.9  34.0   20:48     S
 3  11.2  14.9   14:07   7.3   07:06   7.1   0.0   0.7  10.2  35.0   11:59   SSW
 4   9.5  11.7   10:58   7.4   09:02   8.8   0.0  21.1   2.4  15.0   11:12   ESE
 5  10.2  11.2   12:39   8.6   06:33   8.1   0.0   2.6   7.6  29.0   08:18   SSE
 6   8.9  11.9   14:27   7.1   03:08   9.4   0.0   7.1   7.1  38.0   10:14     S
 7   6.0   8.9   11:25   3.1   21:08  12.4   0.0   2.5   8.4  31.0   13:44   SSW
 8   7.9   9.7   13:26   6.1   09:00  10.4   0.0   0.5   7.3  27.0   08:54     S
 9   8.2  11.0   15:26   4.9   06:08  10.1   0.0  18.1  11.7  42.0   13:43     S
10   6.5  11.0   13:52   2.8   07:27  11.8   0.0   1.0   6.1  16.0   19:09     S
11   7.9   9.9   11:44   5.4   09:00  10.4   0.0   1.5   9.0  28.0   12:53     S
12   8.2  11.1   13:39   5.8   08:18  10.1   0.0   1.3   7.3  28.0   14:07    SW
13  11.2  13.2   02:05   5.9   09:00   7.1   0.0   3.8  13.0  39.0   07:58     S
14  12.1  13.2   09:37  10.9   07:25   6.2   0.0   1.0  15.4  38.0   09:07     S
15  10.0  14.4   11:19   6.4   22:28   8.3   0.0   0.5   9.5  37.0   12:11     S
16  11.9  12.8   21:34  11.2   08:48   6.4   0.0   0.3  13.2  34.0   12:49   SSE
17   8.4  11.2   09:00   4.4   05:03   9.9   0.0   0.2   8.4  25.0   09:52    SE
18   6.9  11.8   13:36   2.7   07:09  11.4   0.0   0.0   5.7  24.0   13:50   ESE
----------------------------------------------------------------------------------
     8.7  14.9     3    -4.5     1   173.4   0.0  66.8   8.7  42.0     9       S

Max >=  27.0:  0
Max <=   0.0:  0
Min <=   0.0:  2
Min <= -18.0:  0
Max Rain: 21.1 on day 4
Days of Rain: 16 (>= 0.2 mm)  11 (>= 1.0 mm)  1 (>= 20.0 mm)
Heat Base: 18.3  Cool Base: 18.3  Method: Integration