NOAA-Style Climate Reports


Report for 2017 September
                   Monthly Climatological Summary for Sep 2017

Name: Durrow   City: Laois   State: Ireland
Elevation: 89 m  Lat: N 52° 50' 40"   Lon: W 007° 23' 18"

                  Temperature (°C), Rain (mm), Wind Speed (mph)

                                      Heat  Cool        Avg
    Mean                              Deg   Deg         Wind                 Dom
Day Temp  High   Time   Low    Time   Days  Days  Rain  Speed High   Time    Dir
----------------------------------------------------------------------------------
 1  11.4  18.3   15:33   4.1   06:09   6.9   0.0   0.0   2.0  18.0   15:30   WNW
 2  14.8  17.2   09:58  12.5   22:06   3.5   0.0  13.7  13.1  34.0   20:39   SSE
 3  18.8  23.4   15:56  16.3   04:32   0.7   1.2   0.3   2.5  15.0   09:04   SSW
 4  14.5  18.4   15:29  10.9   05:21   3.8   0.0   8.1   3.4  22.0   00:18    SW
 5  13.9  17.6   16:14  10.7   07:14   4.4   0.0   0.5   6.8  31.0   14:36     W
 6  14.5  17.3   15:38  12.0   00:54   3.8   0.0   0.0   6.3  26.0   12:46   WSW
 7  14.1  17.0   14:32  11.8   07:22   4.2   0.0   5.9   7.1  28.0   14:04   WSW
 8  12.7  17.1   15:48   9.4   01:07   5.6   0.0   2.5  10.0  31.0   13:55     W
 9  13.2  16.3   15:56  10.9   23:47   5.1   0.0   1.0   9.2  33.0   14:08     W
10  12.8  16.4   14:36  10.7   21:29   5.5   0.0   4.6  16.2  48.0   15:57     W
11  11.5  15.9   14:03   8.2   03:45   6.8   0.0   2.0   9.0  38.0   10:43   WNW
12  11.1  14.6   20:13   7.9   03:18   7.2   0.0   4.9   9.1  34.0   21:59    SW
13  10.0  14.7   14:44   5.9   00:07   8.3   0.0   1.5   8.2  30.0   11:37   WNW
14  11.6  15.7   14:46   9.7   02:25   6.7   0.0   2.3   9.0  32.0   16:17   WNW
15  11.3  15.7   15:02   8.7   06:59   7.0   0.0   0.0   7.1  22.0   15:05    NW
16   9.2  12.3   11:54   7.3   01:14   9.1   0.0   5.8   3.4  21.0   11:43     N
17   9.8  17.0   15:17   3.1   05:51   8.5   0.0   0.0   1.9  14.0   11:20   NNE
18  11.4  17.2   15:48   7.1   01:22   6.9   0.0   0.3   3.2  18.0   13:43   WNW
19  14.8  17.6   12:28  12.5   10:12   3.5   0.0   0.0   9.0  27.0   07:40   SSE
20  11.7  16.1   12:12   7.2   07:20   6.6   0.0  17.5   5.4  22.0   10:15   WSW
21  11.7  16.3   15:20   8.0   02:02   6.6   0.0   5.3   8.7  30.0   07:32     S
----------------------------------------------------------------------------------
    12.6  23.4     3     3.1    17   120.7   1.2  76.2   7.2  48.0    10     WSW

Max >=  27.0:  0
Max <=   0.0:  0
Min <=   0.0:  0
Min <= -18.0:  0
Max Rain: 17.5 on day 20
Days of Rain: 16 (>= 0.2 mm)  13 (>= 1.0 mm)  0 (>= 20.0 mm)
Heat Base: 18.3  Cool Base: 18.3  Method: Integration