NOAA-Style Climate Reports


Report for 2020 March
                   Monthly Climatological Summary for Mar 2020

Name: Durrow   City: Laois   State: Ireland
Elevation: 89 m  Lat: N 52° 50' 40"   Lon: W 007° 23' 18"

                  Temperature (°C), Rain (mm), Wind Speed (mph)

                                      Heat  Cool        Avg
    Mean                              Deg   Deg         Wind                 Dom
Day Temp  High   Time   Low    Time   Days  Days  Rain  Speed High   Time    Dir
----------------------------------------------------------------------------------
 1   3.1   7.4   13:03   0.6   07:24  15.2   0.0   0.8   5.8  32.0   14:42     W
 2   3.8   7.1   14:55   1.6   09:00  14.5   0.0   1.4   8.2  31.0   12:36     W
 3   4.3   8.8   12:52   1.8   22:32  14.0   0.0   0.0   4.8  26.0   14:58   WNW
 4   2.5   9.9   15:02  -3.0   07:09  15.8   0.0   0.0   2.1  12.0   15:09   NNE
 5   4.5   8.3   13:15   0.2   09:00  13.8   0.0   2.6   4.8  23.0   07:43   WSW
 6   7.4  10.7   08:56   3.9   09:00  10.9   0.0   0.0   8.6  32.0   12:17     W
 7   9.2  12.1   11:11   5.3   05:34   9.1   0.0   2.0  11.2  32.0   11:27    SW
 8   6.3  10.3   12:03   4.1   23:05  12.0   0.0   5.2   9.7  32.0   12:39     W
 9  10.2  11.7   00:25   5.7   09:45   8.1   0.0  18.0  10.2  31.0   02:27   WSW
10   7.7  11.7   11:36   3.8   23:15  10.6   0.0   0.4  10.0  39.0   12:42     W
11   5.0  11.5   12:49   1.6   01:17  13.3   0.0   7.8  10.9  40.0   15:50   WSW
12   5.5   8.0   12:55   4.2   13:37  12.8   0.0   7.2  10.5  41.0   13:30     W
13   7.2  10.4   11:38   5.4   18:21  11.1   0.0   2.2   7.4  27.0   15:10     S
14   7.9  11.6   15:33   4.4   07:15  10.4   0.0   1.4  10.5  31.0   17:34    SW
15   3.9  10.0   13:29  -1.8   03:04  14.5   0.0   0.0   5.6  26.0   13:40    NW
16   9.0  10.2   13:51   4.5   09:00   9.3   0.0   0.2   9.3  27.0   14:27    SW
17   9.0  13.9   14:28   4.6   07:18   9.3   0.0   7.6   8.1  29.0   13:57    SW
18   4.0   7.6   11:38  -0.8   04:30  14.3   0.0   0.0   3.2  14.0   11:16    NW
19   4.3   8.6   17:23  -0.4   06:58  14.0   0.0   0.0   5.2  18.0   15:41    NE
20   5.5   9.6   12:55   3.6   22:45  12.8   0.0   0.0  13.1  29.0   08:46     E
21   5.1   7.4   14:59   1.0   04:14  13.2   0.0   0.0   6.9  27.0   10:07   ESE
22   4.9  11.0   15:30  -1.7   01:09  13.4   0.0   0.2   6.0  21.0   10:39   SSE
23   8.3  12.6   14:20   5.1   09:00  10.0   0.0   0.0  10.4  28.0   08:06     S
24   8.6  13.1   13:55   5.2   04:44   9.7   0.0   0.0   9.3  27.0   09:13     S
25   7.6  13.4   16:34   2.3   01:22  10.7   0.0   0.2   4.9  24.0   10:59     S
26   8.0  14.4   15:30   3.8   01:33  10.3   0.0   0.0   4.2  17.0   15:12    NE
27   8.0  12.1   13:15   5.3   03:50  10.3   0.0   0.2   7.7  26.0   08:51    NE
28   6.1  10.9   11:36   1.8   07:34  12.2   0.0   0.0  11.6  35.0   12:13   ENE
29   3.1   8.0   12:55  -1.2   05:39  15.2   0.0   0.0   8.3  33.0   10:32   ENE
----------------------------------------------------------------------------------
     6.2  14.4    26    -3.0     4   350.8   0.0  57.4   7.9  41.0    12      SW

Max >=  27.0:  0
Max <=   0.0:  0
Min <=   0.0:  6
Min <= -18.0:  0
Max Rain: 18.0 on day 9
Days of Rain: 16 (>= 0.2 mm)  10 (>= 1.0 mm)  0 (>= 20.0 mm)
Heat Base: 18.3  Cool Base: 18.3  Method: Integration