NOAA-Style Climate Reports


Report for 2022 May
                   Monthly Climatological Summary for May 2022

Name: Durrow   City: Laois   State: Ireland
Elevation: 89 m  Lat: N 52° 50' 40"   Lon: W 007° 23' 18"

                  Temperature (°C), Rain (mm), Wind Speed (mph)

                                      Heat  Cool        Avg
    Mean                              Deg   Deg         Wind                 Dom
Day Temp  High   Time   Low    Time   Days  Days  Rain  Speed High   Time    Dir
----------------------------------------------------------------------------------
 1  10.9  12.7   14:55   9.2   03:09   7.4   0.0   2.4   2.6  15.0   10:25    NW
 2  12.3  15.7   14:58   9.7   06:06   6.0   0.0   0.0   1.8   9.0   07:51   NNE
 3  13.6  18.4   15:26  10.6   05:12   4.7   0.0   0.2   4.8  18.0   09:06   WNW
 4  12.4  17.1   16:54   7.7   04:50   5.9   0.0   0.0   4.7  18.0   11:58    NW
 5  14.2  17.9   17:28   9.7   06:02   4.1   0.0   0.0   4.1  16.0   09:20    NW
 6  12.1  16.3   18:11   8.9   00:39   6.2   0.0   5.8   4.9  18.0   19:18    NW
 7  12.6  18.3   15:06   7.1   03:36   5.7   0.0   0.0   5.1  21.0   20:47   NNE
 8  13.6  18.2   15:30  10.7   22:51   4.7   0.0   0.0   8.7  24.0   09:40   ESE
 9  12.0  14.9   18:52   9.3   00:19   6.3   0.0   1.6   8.7  31.0   14:05     N
10  11.9  16.4   14:22   8.7   05:01   6.4   0.0   0.2   7.8  27.0   17:19    NW
11  10.6  15.7   14:36   5.7   02:16   7.7   0.0   0.0   7.1  27.0   17:59    NW
12  11.6  15.1   14:29  10.0   04:43   6.7   0.0   0.0   7.3  25.0   14:39   WSW
13  12.7  18.2   15:03   6.9   06:10   5.6   0.0   0.0   6.0  27.0   11:17     W
14  12.7  19.3   16:54   5.3   06:03   5.6   0.0   0.0   3.1  14.0   21:06   NNE
15  14.8  17.9   12:20  12.6   04:12   3.5   0.0   2.8   8.3  20.0   08:48    SE
16  15.0  19.3   16:04  12.3   01:58   3.3   0.0   2.4  10.7  30.0   13:14   SSE
17  11.3  16.1   10:59   8.0   05:24   7.0   0.0   9.0   8.1  27.0   00:40     E
----------------------------------------------------------------------------------
    12.6  19.3    14     5.3    14    96.8   0.0  24.4   6.1  31.0     9     NNW

Max >=  27.0:  0
Max <=   0.0:  0
Min <=   0.0:  0
Min <= -18.0:  0
Max Rain: 9.0 on day 17
Days of Rain: 8 (>= 0.2 mm)  6 (>= 1.0 mm)  0 (>= 20.0 mm)
Heat Base: 18.3  Cool Base: 18.3  Method: Integration