NOAA-Style Climate Reports


Report for 2020 January
                   Monthly Climatological Summary for Jan 2020

Name: Durrow   City: Laois   State: Ireland
Elevation: 89 m  Lat: N 52° 50' 40"   Lon: W 007° 23' 18"

                  Temperature (°C), Rain (mm), Wind Speed (mph)

                                      Heat  Cool        Avg
    Mean                              Deg   Deg         Wind                 Dom
Day Temp  High   Time   Low    Time   Days  Days  Rain  Speed High   Time    Dir
----------------------------------------------------------------------------------
 1   7.1  10.2   07:45   3.9   09:00  11.2   0.0   0.0   8.3  29.0   08:34     N
 2   8.4  11.5   14:16   3.7   07:51   9.9   0.0   1.2   9.5  34.0   23:03     N
 3   6.0   8.5   14:46   3.5   09:21  12.3   0.0   0.2   5.5  19.0   14:49     N
 4   7.8   9.1   14:02   5.8   09:00  10.5   0.0   0.0   6.9  19.0   07:34     N
 5   8.9  10.5   12:40   7.4   23:32   9.4   0.0   6.8  11.0  48.0   03:21     N
 6   8.2  11.4   08:42   4.4   00:02  10.1   0.0   1.8   9.9  31.0   09:33     N
 7  10.6  13.6   14:30   6.6   08:03   7.7   0.0   0.0   9.2  35.0   18:25     N
 8   4.2   7.7   10:32   0.5   02:56  14.1   0.0  10.8   5.7  24.0   02:00     N
 9   2.3   3.7   08:49   0.0   05:36  16.0   0.0   0.6   4.5  15.0   11:41     N
10   9.0  12.4   08:51   2.1   09:07   9.3   0.0   0.4  13.3  38.0   04:00     N
11   7.6  12.7   09:29   4.1   05:53  10.8   0.0  11.0   5.9  35.0   09:10     N
12   5.2   8.6   14:27   2.1   00:30  13.1   0.0   2.0   8.5  36.0   08:29     S
13   5.4   8.6   12:50   1.9   05:58  12.8   0.0  10.0  14.1  54.0   12:52   SSW
14   4.1   5.1   14:22   1.5   00:13  14.2   0.0   3.8   7.3  22.0   06:19    SW
15   6.6   9.3   08:44   3.2   19:37  11.7   0.0   0.8  11.6  42.0   07:53   SSW
16   6.1  11.1   12:59   1.8   03:10  12.2   0.0   8.2   6.4  43.0   09:00    SW
17   1.3   7.1   14:15  -4.2   07:54  17.0   0.0   0.0   3.6  19.0   14:34     W
18  -1.7   5.6   15:08  -5.9   07:26  20.0   0.0   0.2   0.6   6.0   01:42   SSE
19   1.5   5.8   14:50  -5.2   09:00  16.8   0.0   0.2   4.2  11.0   12:17     S
20   3.4   8.9   14:58  -2.8   09:00  14.9   0.0   0.8   2.3  13.0   10:50     S
21   6.9   8.3   15:03   3.5   09:00  11.4   0.0   0.2   1.4   7.0   15:57   WNW
----------------------------------------------------------------------------------
     5.7  13.6     7    -5.9    18   265.4   0.0  59.0   7.1  54.0    13     NNW

Max >=  27.0:  0
Max <=   0.0:  0
Min <=   0.0:  5
Min <= -18.0:  0
Max Rain: 11.0 on day 11
Days of Rain: 17 (>= 0.2 mm)  9 (>= 1.0 mm)  0 (>= 20.0 mm)
Heat Base: 18.3  Cool Base: 18.3  Method: Integration