NOAA-Style Climate Reports
Select a Year or Month report
2024: Jan Feb Mar Apr May Jun Jul Aug Sep Oct Nov Dec
2023: Jan Feb Mar Apr May Jun Jul Aug Sep Oct Nov Dec
2022: Jan Feb Mar Apr May Jun Jul Aug Sep Oct Nov Dec
2021: Jan Feb Mar Apr May Jun Jul Aug Sep Oct Nov Dec
2020: Jan Feb Mar Apr May Jun Jul Aug Sep Oct Nov Dec
2019: Jan Feb Mar Apr May Jun Jul Aug Sep Oct Nov Dec
2018: Jan Feb Mar Apr May Jun Jul Aug Sep Oct Nov Dec
2017: Jan Feb Mar Apr May Jun Jul Aug Sep Oct Nov Dec
2016: Jan Feb Mar Apr May Jun Jul Aug Sep Oct Nov Dec
2015: Jan Feb Mar Apr May Jun Jul Aug Sep Oct Nov Dec
2014: Jan Feb Mar Apr May Jun Jul Aug Sep Oct Nov Dec
2013: Jan Feb Mar Apr May Jun Jul Aug Sep Oct Nov Dec
2012: Jan Feb Mar Apr May Jun Jul Aug Sep Oct Nov Dec
2011: Jan Feb Mar Apr May Jun Jul Aug Sep Oct Nov Dec
2010: Jan Feb Mar Apr May Jun Jul Aug Sep Oct Nov Dec
2009: Jan Feb Mar Apr May Jun Jul Aug Sep Oct Nov Dec
2008: Jan Feb Mar Apr May Jun Jul Aug Sep Oct Nov Dec
2024: Jan Feb Mar Apr May Jun Jul Aug Sep Oct Nov Dec
2023: Jan Feb Mar Apr May Jun Jul Aug Sep Oct Nov Dec
2022: Jan Feb Mar Apr May Jun Jul Aug Sep Oct Nov Dec
2021: Jan Feb Mar Apr May Jun Jul Aug Sep Oct Nov Dec
2020: Jan Feb Mar Apr May Jun Jul Aug Sep Oct Nov Dec
2019: Jan Feb Mar Apr May Jun Jul Aug Sep Oct Nov Dec
2018: Jan Feb Mar Apr May Jun Jul Aug Sep Oct Nov Dec
2017: Jan Feb Mar Apr May Jun Jul Aug Sep Oct Nov Dec
2016: Jan Feb Mar Apr May Jun Jul Aug Sep Oct Nov Dec
2015: Jan Feb Mar Apr May Jun Jul Aug Sep Oct Nov Dec
2014: Jan Feb Mar Apr May Jun Jul Aug Sep Oct Nov Dec
2013: Jan Feb Mar Apr May Jun Jul Aug Sep Oct Nov Dec
2012: Jan Feb Mar Apr May Jun Jul Aug Sep Oct Nov Dec
2011: Jan Feb Mar Apr May Jun Jul Aug Sep Oct Nov Dec
2010: Jan Feb Mar Apr May Jun Jul Aug Sep Oct Nov Dec
2009: Jan Feb Mar Apr May Jun Jul Aug Sep Oct Nov Dec
2008: Jan Feb Mar Apr May Jun Jul Aug Sep Oct Nov Dec
Report for 2024 March
 Monthly Climatological Summary for Mar 2024 Name: Durrow City: Laois State: Ireland Elevation: 89 m Lat: N 52° 50' 40" Lon: W 007° 23' 18" Temperature (°C), Rain (mm), Wind Speed (mph) Heat Cool Avg Mean Deg Deg Wind Dom Day Temp High Time Low Time Days Days Rain Speed High Time Dir ---------------------------------------------------------------------------------- 1 2.7 4.1 16:32 1.0 11:51 15.6 0.0 5.4 6.8 26.0 14:28 NNW 2 3.9 6.4 12:47 2.6 01:55 14.4 0.0 1.4 7.0 30.0 13:31 NW 3 5.8 10.6 16:05 2.4 20:56 12.5 0.0 0.4 5.4 29.0 07:56 ENE 4 6.3 7.6 09:42 4.6 00:49 12.0 0.0 7.0 15.8 39.0 11:37 N 5 7.5 12.3 13:51 3.2 02:19 10.8 0.0 0.6 7.1 24.0 08:33 NE 6 8.6 10.2 14:01 7.2 09:00 9.7 0.0 0.6 12.3 27.0 13:23 N 7 7.1 10.4 11:11 4.8 06:54 11.2 0.0 0.0 13.6 28.0 05:12 N 8 6.0 8.3 12:05 4.3 21:06 12.3 0.0 0.0 14.3 30.0 13:46 NNE 9 6.8 7.6 14:13 6.1 09:03 9.3 0.0 0.0 9.9 30.0 09:34 NE 10 7.0 7.7 16:11 6.3 09:00 11.3 0.0 0.6 3.2 18.0 09:18 N 11 8.5 11.6 03:39 6.6 20:13 9.8 0.0 10.2 5.8 28.0 21:05 N 12 12.7 15.5 14:32 9.6 09:00 5.6 0.0 2.2 10.5 31.0 23:00 WNW 13 10.0 12.6 09:04 8.0 20:14 8.3 0.0 19.2 6.0 33.0 05:24 N 14 11.1 14.9 15:17 7.6 06:49 7.2 0.0 2.8 8.4 31.0 22:09 N 15 6.6 12.8 16:13 1.3 01:20 10.9 0.0 0.6 4.9 23.0 07:57 N 16 10.5 12.1 15:07 8.5 09:00 7.8 0.0 2.8 8.7 24.0 13:14 N 17 9.9 14.6 15:43 4.5 06:34 8.4 0.0 0.2 7.6 26.0 11:55 N ---------------------------------------------------------------------------------- 7.7 15.5 12 1.0 1 177.1 0.0 54.0 8.7 39.0 4 N Max >= 27.0: 0 Max <= 0.0: 0 Min <= 0.0: 0 Min <= -18.0: 0 Max Rain: 19.2 on day 13 Days of Rain: 14 (>= 0.2 mm) 8 (>= 1.0 mm) 0 (>= 20.0 mm) Heat Base: 18.3 Cool Base: 18.3 Method: Integration