NOAA-Style Climate Reports


Report for 2020 July
                   Monthly Climatological Summary for Jul 2020

Name: Durrow   City: Laois   State: Ireland
Elevation: 89 m  Lat: N 52° 50' 40"   Lon: W 007° 23' 18"

                  Temperature (°C), Rain (mm), Wind Speed (mph)

                                      Heat  Cool        Avg
    Mean                              Deg   Deg         Wind                 Dom
Day Temp  High   Time   Low    Time   Days  Days  Rain  Speed High   Time    Dir
----------------------------------------------------------------------------------
 1  13.7  17.9   15:52  11.4   06:01   4.6   0.0   2.8   4.8  16.0   19:29    NW
 2  14.4  17.8   16:12  11.1   02:24   3.9   0.0   1.8   6.7  22.0   08:43   WSW
 3  16.1  18.7   16:52  14.3   05:41   2.2   0.0   0.6   6.6  21.0   10:06   WSW
 4  15.3  20.0   16:35  10.3   07:28   3.2   0.2   1.2   9.3  32.0   02:01     W
 5  12.7  15.7   13:29  10.1   06:06   5.6   0.0   0.6  12.4  42.0   14:59   WNW
 6  13.2  17.7   18:33  10.4   06:28   5.1   0.0   2.4   5.0  22.0   10:07   WNW
 7  14.0  17.6   15:04  10.7   10:16   4.3   0.0   6.4   4.8  18.0   15:39     W
 8  14.0  16.6   18:54  11.7   04:36   4.3   0.0  13.2   5.0  15.0   18:24   ENE
 9  12.8  18.4   16:58   7.7   06:06   5.5   0.0   0.0   5.8  19.0   08:27   NNW
10  12.7  17.3   17:17   6.3   06:09   5.6   0.0   0.2   4.1  19.0   13:47    NW
11  13.6  19.3   15:56   8.4   03:27   4.8   0.0   0.0   4.3  14.0   09:53     S
----------------------------------------------------------------------------------
    13.9  20.0     4     6.3    10    49.1   0.2  29.2   6.3  42.0     5     WNW

Max >=  27.0:  0
Max <=   0.0:  0
Min <=   0.0:  0
Min <= -18.0:  0
Max Rain: 13.2 on day 8
Days of Rain: 9 (>= 0.2 mm)  6 (>= 1.0 mm)  0 (>= 20.0 mm)
Heat Base: 18.3  Cool Base: 18.3  Method: Integration