NOAA-Style Climate Reports


Report for 2021 September
                   Monthly Climatological Summary for Sep 2021

Name: Durrow   City: Laois   State: Ireland
Elevation: 89 m  Lat: N 52° 50' 40"   Lon: W 007° 23' 18"

                  Temperature (°C), Rain (mm), Wind Speed (mph)

                                      Heat  Cool        Avg
    Mean                              Deg   Deg         Wind                 Dom
Day Temp  High   Time   Low    Time   Days  Days  Rain  Speed High   Time    Dir
----------------------------------------------------------------------------------
 1  14.3  18.1   15:50  10.8   05:46   4.0   0.0   0.0   5.3  16.0   11:22     N
 2  14.1  17.1   15:11  12.4   06:16   4.2   0.0   0.0   3.4  12.0   11:09     N
 3  14.6  18.7   13:14  12.1   07:01   3.7   0.0   0.0   3.3  13.0   13:55     N
 4  15.2  19.7   16:32  10.4   03:59   3.2   0.1   0.0   4.8  18.0   18:44     N
 5  16.2  18.7   13:41  14.2   06:57   2.1   0.0   0.0   6.0  17.0   16:14     N
 6  16.5  23.7   16:23  10.2   06:58   2.9   1.1   0.2   3.9  13.0   15:11    NE
 7  20.7  27.9   15:02  15.7   05:18   0.5   2.9   0.4   4.0  18.0   16:38     N
 8  18.2  24.1   12:02  16.1   06:41   1.0   1.0   2.0   5.9  21.0   10:31     N
 9  18.1  23.3   15:55  15.9   23:46   1.1   0.9   0.6   3.9  14.0   14:29     N
10  15.3  18.1   12:22  13.2   06:36   3.0   0.0   1.0   5.7  16.0   16:50     N
11  14.1  18.7   15:24  11.2   04:16   4.2   0.0   0.4   3.3  14.0   18:24     N
12  13.1  15.3   17:10  11.8   01:07   5.2   0.0   0.0   4.2  16.0   01:54   NNE
13  15.0  17.8   14:38  12.4   07:14   3.3   0.0  10.4   5.9  20.0   14:37   NNE
14  16.6  20.4   13:22  14.7   07:06   1.9   0.2   0.0   2.6  14.0   11:36   SSW
15  12.9  18.7   15:16   7.2   05:49   5.4   0.0   0.2   3.2  15.0   08:35   NNW
16  16.1  18.8   14:08  13.6   10:00   2.2   0.0   4.6   8.6  26.0   23:44     N
----------------------------------------------------------------------------------
    15.7  27.9     7     7.2    15    47.9   6.2  19.8   4.6  26.0    16       N

Max >=  27.0:  1
Max <=   0.0:  0
Min <=   0.0:  0
Min <= -18.0:  0
Max Rain: 10.4 on day 13
Days of Rain: 9 (>= 0.2 mm)  4 (>= 1.0 mm)  0 (>= 20.0 mm)
Heat Base: 18.3  Cool Base: 18.3  Method: Integration