NOAA-Style Climate Reports


Report for 2017 August
                   Monthly Climatological Summary for Aug 2017

Name: Durrow   City: Laois   State: Ireland
Elevation: 89 m  Lat: N 52° 50' 40"   Lon: W 007° 23' 18"

                  Temperature (°C), Rain (mm), Wind Speed (mph)

                                      Heat  Cool        Avg
    Mean                              Deg   Deg         Wind                 Dom
Day Temp  High   Time   Low    Time   Days  Days  Rain  Speed High   Time    Dir
----------------------------------------------------------------------------------
 1  15.1  18.3   16:09  12.8   01:08   3.2   0.0   1.3   7.1  29.0   04:55   SSE
 2  15.8  19.9   14:00  13.2   01:30   2.6   0.1   1.5   9.0  27.0   14:08   SSW
 3  14.9  19.0   16:51   9.4   06:28   3.4   0.0   0.0   5.8  24.0   13:58     W
 4  13.9  19.0   13:36   8.3   03:22   4.5   0.0   0.0   3.7  24.0   15:38   WNW
 5  13.1  17.9   16:35   8.1   03:10   5.2   0.0   0.8   5.8  25.0   16:12   WSW
 6  13.1  16.2   12:37  10.8   04:10   5.2   0.0   5.0   5.2  33.0   12:45    SW
 7  13.5  18.0   13:41  10.4   00:33   4.8   0.0   0.3   4.1  25.0   14:06     W
 8  12.8  17.6   15:47   8.1   05:14   5.5   0.0   0.5   4.8  22.0   14:33    NW
 9  13.7  20.0   16:09   5.8   06:14   4.8   0.2   0.0   4.7  25.0   15:54   NNW
10  14.6  17.9   17:39  11.8   22:42   3.7   0.0   0.3   5.1  22.0   09:20    SW
11  15.7  20.4   14:23  12.6   03:27   2.9   0.3   0.2   8.9  28.0   14:23     W
12  13.0  18.4   16:33   5.3   06:29   5.3   0.0   0.0   4.0  23.0   11:15   WNW
13  15.3  19.4   14:01  12.3   21:26   3.1   0.1   6.1   9.0  27.0   00:01   SSE
14  13.1  19.4   12:27   8.1   05:18   5.3   0.0   9.7   4.2  22.0   19:28    SW
15  15.2  19.3   14:59  12.1   02:59   3.2   0.1   0.2   7.2  30.0   09:33    SW
16  15.0  19.9   16:03   9.3   06:16   3.4   0.2   1.5   7.6  31.0   11:42     S
17  14.2  20.1   14:24  10.1   05:21   4.1   0.1  12.5   7.3  27.0   12:49    SW
----------------------------------------------------------------------------------
    14.2  20.4    11     5.3    12    70.2   1.1  39.9   6.1  33.0     6      SW

Max >=  27.0:  0
Max <=   0.0:  0
Min <=   0.0:  0
Min <= -18.0:  0
Max Rain: 12.5 on day 17
Days of Rain: 13 (>= 0.2 mm)  7 (>= 1.0 mm)  0 (>= 20.0 mm)
Heat Base: 18.3  Cool Base: 18.3  Method: Integration