NOAA-Style Climate Reports


Report for 2017 November
                   Monthly Climatological Summary for Nov 2017

Name: Durrow   City: Laois   State: Ireland
Elevation: 89 m  Lat: N 52° 50' 40"   Lon: W 007° 23' 18"

                  Temperature (°C), Rain (mm), Wind Speed (mph)

                                      Heat  Cool        Avg
    Mean                              Deg   Deg         Wind                 Dom
Day Temp  High   Time   Low    Time   Days  Days  Rain  Speed High   Time    Dir
----------------------------------------------------------------------------------
 1   9.5  15.1   14:35   4.9   20:39   8.8   0.0   0.0   0.9  10.0   12:48   WSW
 2   9.7  11.6   13:21   8.5   07:38   8.6   0.0   0.0   0.9  10.0   12:03     W
 3   9.0  12.4   14:52   3.2   07:48   9.3   0.0   0.0   3.1  16.0   03:23    SW
 4   5.7   9.5   11:11   3.3   23:19  12.6   0.0   0.5   7.9  28.0   13:25     W
 5   5.7   9.9   13:25   0.7   22:56  12.6   0.0   0.0   6.7  26.0   11:57   WSW
 6   9.6  12.6   22:01   3.6   08:12   8.7   0.0   4.0  10.4  35.0   20:41   SSW
 7   3.2   9.7   14:28  -2.3   07:42  15.1   0.0   0.0   2.7  28.0   13:03     W
 8   9.8  11.8   03:25   2.4   09:00   8.5   0.0   0.0   7.5  27.0   05:52   WSW
 9  10.3  12.2   13:50   7.0   08:16   8.0   0.0   0.0   8.9  39.0   01:09   WNW
10  10.3  12.3   03:16   7.6   09:00   8.0   0.0  54.6   7.8  30.0   23:00     W
11   6.7   9.2   11:58   4.1   00:34  11.6   0.0  59.0   5.0  34.0   05:15    NW
12   3.2   8.7   13:37  -2.1   07:08  15.1   0.0 472.7   4.9  30.0   09:53    NW
13   8.5  10.7   02:32   1.3   09:00   9.8   0.01124.4   5.1  20.0   19:39   SSW
14   9.7  13.1   12:31   4.8   06:19   8.6   0.0   8.1   2.6  19.0   12:36   WSW
15   9.7  12.1   14:29   6.9   08:59   8.6   0.0   0.0   6.8  24.0   02:29   SSW
16   2.3   9.3   13:29  -2.8   06:53  16.0   0.0  15.3   2.2  20.0   13:11    NW
----------------------------------------------------------------------------------
     7.7  15.1     1    -2.8    16   169.9   0.01738.6   5.2  39.0     9     WSW

Max >=  27.0:  0
Max <=   0.0:  0
Min <=   0.0:  3
Min <= -18.0:  0
Max Rain: 1124.4 on day 13
Days of Rain: 8 (>= 0.2 mm)  7 (>= 1.0 mm)  4 (>= 20.0 mm)
Heat Base: 18.3  Cool Base: 18.3  Method: Integration