NOAA-Style Climate Reports


Report for 2019 July
                   Monthly Climatological Summary for Jul 2019

Name: Durrow   City: Laois   State: Ireland
Elevation: 89 m  Lat: N 52° 50' 40"   Lon: W 007° 23' 18"

                  Temperature (°C), Rain (mm), Wind Speed (mph)

                                      Heat  Cool        Avg
    Mean                              Deg   Deg         Wind                 Dom
Day Temp  High   Time   Low    Time   Days  Days  Rain  Speed High   Time    Dir
----------------------------------------------------------------------------------
 1  14.9  19.1   16:10  10.7   05:41   3.4   0.0   0.0   4.8  21.0   11:03    NW
 2  13.1  17.5   16:11   6.9   02:53   5.2   0.0   0.0   2.9  13.0   11:21   NNW
 3  15.1  22.2   16:19   6.3   05:30   4.0   0.7   0.0   3.6  18.0   18:49   ENE
 4  16.2  22.4   16:54   8.0   05:34   3.1   1.0   0.0   4.4  18.0   18:37   WNW
 5  16.3  19.5   19:49  12.6   04:10   2.2   0.2   0.0   4.9  14.0   11:49   WNW
 6  15.6  18.0   15:31  11.8   07:18   2.7   0.0   1.0   3.5  14.0   09:06   NNW
 7  15.8  20.1   17:52  12.2   03:22   2.8   0.2   0.0   4.1  13.0   00:11     E
 8  16.7  20.2   17:58  13.4   05:30   1.8   0.3   1.1   1.9   9.0   18:47    NW
 9  18.2  23.1   17:56  12.3   05:59   1.6   1.4   0.5   3.2  14.0   15:16    NW
10  16.9  20.9   12:58  14.7   09:34   1.6   0.3   9.1   5.0  16.0   16:59    SW
11  16.7  21.1   15:03  13.8   06:05   2.0   0.4   0.0   6.9  20.0   14:59    NW
12  15.7  19.6   17:04  12.9   06:11   2.7   0.1   0.0   5.4  21.0   11:59   NNW
13  15.0  20.4   18:40   9.6   05:18   3.6   0.3   0.0   3.5  15.0   13:59     N
14  16.7  23.3   15:51   9.5   03:30   2.9   1.3   0.0   4.8  14.0   14:29   ENE
15  18.1  23.6   15:00  14.8   05:12   1.5   1.3   0.0   6.5  19.0   16:00     S
16  17.2  21.7   14:51  12.9   04:59   1.7   0.6   3.3   4.2  16.0   09:50    SW
17  15.4  19.9   17:57  12.4   00:37   3.0   0.1   0.5   7.2  22.0   13:25     W
18  16.0  20.1   16:31   0.9   09:41   2.5   0.2   9.4   5.7  26.0   12:59   WNW
19  16.8  22.0   16:20  13.1   06:41   2.2   0.7   7.4   8.9  26.0   16:23   WSW
20  15.7  18.6   17:53  11.5   02:01   2.6   0.0   1.3   5.6  18.0   11:24   WSW
----------------------------------------------------------------------------------
    16.1  23.6    15     0.9    18    53.1   9.1  33.6   4.9  26.0    18     WNW

Max >=  27.0:  0
Max <=   0.0:  0
Min <=   0.0:  0
Min <= -18.0:  0
Max Rain: 9.4 on day 18
Days of Rain: 9 (>= 0.2 mm)  7 (>= 1.0 mm)  0 (>= 20.0 mm)
Heat Base: 18.3  Cool Base: 18.3  Method: Integration