NOAA-Style Climate Reports


Report for 2019 May
                   Monthly Climatological Summary for May 2019

Name: Durrow   City: Laois   State: Ireland
Elevation: 89 m  Lat: N 52° 50' 40"   Lon: W 007° 23' 18"

                  Temperature (°C), Rain (mm), Wind Speed (mph)

                                      Heat  Cool        Avg
    Mean                              Deg   Deg         Wind                 Dom
Day Temp  High   Time   Low    Time   Days  Days  Rain  Speed High   Time    Dir
----------------------------------------------------------------------------------
 1   9.9  14.2   13:59   7.4   02:26   8.4   0.0   0.2   0.0   0.0   10:00   ---
 2   9.9  14.3   17:52   5.7   02:02   8.4   0.0   0.0   0.0   0.0   10:00   ---
 3   7.6  12.8   16:32   1.9   06:03  10.7   0.0   0.0   0.0   0.0   10:00   ---
 4   6.3  12.3   16:47  -0.6   06:02  12.0   0.0   0.0   0.0   0.0   10:00   ---
 5   7.7  13.9   15:46   1.1   05:40  10.6   0.0   0.0   0.0   0.0   10:00   ---
 6   9.1  12.8   14:41   4.4   04:31   9.2   0.0   0.0   0.0   0.0   10:00   ---
 7   9.1  13.4   14:56   6.9   00:33   9.2   0.0   0.8   0.0   0.0   10:00   ---
 8   7.5   9.4   09:24   5.9   05:45  10.8   0.0   0.5   0.0   0.0   10:00   ---
 9   7.7  13.7   15:57   0.7   05:45  10.6   0.0   1.0   1.4  14.0   20:17   WSW
10   8.2  13.8   14:29   2.8   03:25  10.1   0.0   0.0   3.4  19.0   11:38   WNW
11   8.6  14.9   16:49   1.1   04:10   9.7   0.0   0.0   4.4  20.0   08:42    NE
12  10.7  16.2   13:25   4.0   03:23   7.6   0.0   0.0   8.0  27.0   09:24     S
13  10.3  16.8   15:02   2.6   05:37   8.1   0.0   0.0   7.8  33.0   13:59     S
14  11.5  16.5   12:08   4.4   05:32   6.9   0.0   0.0   7.2  25.0   10:09   SSE
15  11.5  18.8   14:54   4.9   06:19   6.8   0.0   0.0   6.5  27.0   13:34     S
16  11.7  16.8   13:15   5.7   04:38   6.6   0.0   0.0   4.9  18.0   13:18    SE
17  10.3  15.0   11:19   7.9   05:43   8.0   0.0   0.3   5.6  18.0   14:17   NNE
18  12.2  16.8   14:45   9.3   03:58   6.1   0.0   7.6   7.6  23.0   16:01    NW
19  10.2  15.4   16:55   4.6   03:12   8.1   0.0   0.0   4.5  19.0   14:32   NNW
20  11.3  17.3   15:00   3.8   05:09   7.0   0.0   0.0   3.1  14.0   16:09   NNW
21  13.7  18.9   17:11   9.1   05:06   4.6   0.0   0.0   4.9  16.0   15:21    SW
22  13.3  18.9   16:36   7.9   05:36   5.0   0.0   0.0   4.2  14.0   19:37    SW
23  13.9  16.8   17:04  11.3   03:17   4.4   0.0   0.0   4.5  15.0   15:12     W
24  13.5  16.8   14:10  10.6   03:03   4.8   0.0   0.0   3.8  18.0   16:56   WNW
25  15.4  18.9   14:29  12.4   09:10   2.9   0.0  15.5   7.5  32.0   08:38     W
----------------------------------------------------------------------------------
    10.4  18.9    21    -0.6     4   196.6   0.0  25.9   3.6  33.0    13     WSW

Max >=  27.0:  0
Max <=   0.0:  0
Min <=   0.0:  1
Min <= -18.0:  0
Max Rain: 15.5 on day 25
Days of Rain: 7 (>= 0.2 mm)  3 (>= 1.0 mm)  0 (>= 20.0 mm)
Heat Base: 18.3  Cool Base: 18.3  Method: Integration