NOAA-Style Climate Reports


Report for 2024 June
                   Monthly Climatological Summary for Jun 2024

Name: Durrow   City: Laois   State: Ireland
Elevation: 89 m  Lat: N 52° 50' 40"   Lon: W 007° 23' 18"

                  Temperature (°C), Rain (mm), Wind Speed (mph)

                                      Heat  Cool        Avg
    Mean                              Deg   Deg         Wind                 Dom
Day Temp  High   Time   Low    Time   Days  Days  Rain  Speed High   Time    Dir
----------------------------------------------------------------------------------
 1  13.9  18.9   16:01   7.4   05:44   4.5   0.1   0.0   4.2  17.0   15:38     N
 2  16.2  20.7   14:58  12.2   06:24   2.5   0.4   0.0   5.0  22.0   04:41   NNW
 3  13.9  17.4   17:03  11.7   06:47   4.4   0.0   0.0   5.5  15.0   14:28    NW
 4  11.2  17.3   15:01   5.7   04:40   7.1   0.0   0.0   7.0  30.0   15:57    NW
 5  10.5  14.9   14:26   3.7   05:21   7.8   0.0   0.0   5.8  23.0   13:56     N
 6  11.4  16.7   14:27   5.4   02:17   6.9   0.0   0.0   4.5  28.0   15:23   NNW
 7  12.9  16.3   14:35   9.9   05:53   5.4   0.0   1.0   6.8  19.0   16:00    NW
 8  12.5  17.2   16:36   8.0   01:07   5.8   0.0   0.0   6.2  22.0   12:21   NNW
 9  11.2  14.8   17:39   6.2   05:52   7.1   0.0   1.0   7.8  26.0   11:01     N
10  11.1  17.1   16:55   4.3   03:22   7.2   0.0   0.0   4.9  25.0   19:10     N
11  10.3  15.3   15:37   3.1   04:05   8.0   0.0   0.0   3.3  21.0   13:27     N
12  13.5  18.3   17:39  10.2   00:51   4.8   0.0   5.6   6.8  25.0   09:29   NNW
13  13.1  18.1   14:42   9.3   05:58   5.2   0.0   5.6   8.0  33.0   10:35     N
----------------------------------------------------------------------------------
    12.4  20.7     2     3.1    11    76.7   0.5  13.2   5.8  33.0    13     NNW

Max >=  27.0:  0
Max <=   0.0:  0
Min <=   0.0:  0
Min <= -18.0:  0
Max Rain: 5.6 on day 12
Days of Rain: 4 (>= 0.2 mm)  4 (>= 1.0 mm)  0 (>= 20.0 mm)
Heat Base: 18.3  Cool Base: 18.3  Method: Integration