NOAA-Style Climate Reports


Report for 2024 February
                   Monthly Climatological Summary for Feb 2024

Name: Durrow   City: Laois   State: Ireland
Elevation: 89 m  Lat: N 52° 50' 40"   Lon: W 007° 23' 18"

                  Temperature (°C), Rain (mm), Wind Speed (mph)

                                      Heat  Cool        Avg
    Mean                              Deg   Deg         Wind                 Dom
Day Temp  High   Time   Low    Time   Days  Days  Rain  Speed High   Time    Dir
----------------------------------------------------------------------------------
 1   8.5  10.8   06:14   0.3   09:00   9.8   0.0   0.0   5.3  18.0   14:39     N
 2  11.8  13.2   11:05  10.7   09:00   6.5   0.0   0.0   6.1  23.0   14:07     N
 3   9.6  11.6   08:53   7.6   21:50   8.7   0.0   2.8   4.5  25.0   08:59     N
 4  10.9  14.1   12:13   9.2   03:42   7.4   0.0   0.2   9.3  33.0   16:10     N
 5  10.9  12.1   15:08  10.2   09:00   7.4   0.0   1.8   8.0  26.0   03:13     N
 6   4.4  11.6   10:00   0.7   04:54  13.9   0.0  15.8   2.9  21.0   09:04     N
 7   4.2   6.3   12:23   1.3   09:04  14.1   0.0   6.2   9.0  31.0   05:27     E
 8   3.7   3.7   09:00   3.7   09:00  14.6   0.0   0.0  20.0  23.0   09:00     E
 9   5.7   8.3   15:21   1.9   03:33  12.6   0.0   1.4   1.7  23.0   09:00    NE
10   6.7   8.9   13:57   3.2   07:31  11.6   0.0   0.6   4.8  18.0   13:28   NNW
11   4.5   9.7   13:10   0.9   02:44  13.8   0.0   0.8   5.1  20.0   13:18    NW
12   5.9   8.8   13:19   3.1   03:53  12.4   0.0   0.2   6.4  22.0   13:12    NW
13   9.4  11.5   08:59   5.8   09:00   8.9   0.0   2.4   6.7  18.0   23:02     N
14  11.7  13.4   12:53  10.7   20:17   6.6   0.0   8.8   8.1  22.0   22:10     N
15  10.1  13.6   13:05   5.8   21:43   8.2   0.0   0.4   4.5  16.0   03:37     W
16  10.6  13.9   15:02   9.1   09:00   7.7   0.0   0.4   5.7  26.0   08:52   NNW
17  11.7  14.2   13:56   9.0   06:47   6.6   0.0   3.6   4.7  26.0   11:31   NNW
18  10.3  13.9   14:43   7.8   08:10   8.0   0.0   0.4   5.9  18.0   14:31    NW
19   9.4  12.0   13:58   7.1   21:38   8.9   0.0   0.0   6.2  23.0   11:38     N
20   9.3  12.5   08:41   5.0   21:24   9.0   0.0   8.4   8.3  34.0   06:03   NNE
21   8.8  13.4   13:20   4.2   07:36   9.5   0.0   4.4   8.1  27.0   10:09     W
22   4.1   7.5   14:50   2.1   07:22  14.2   0.0   4.2   6.5  32.0   11:57   WNW
23   4.3   7.4   13:54   2.7   06:53  14.0   0.0   0.6   6.3  22.0   14:54   NNW
24   6.2  10.2   15:04   3.0   00:26  12.1   0.0   0.2   6.0  24.0   07:35    NE
25   5.2   8.5   15:17   2.4   05:57  13.1   0.0   0.6   8.1  25.0   14:59     N
26   5.3   9.8   14:36  -0.3   23:38  13.0   0.0   0.0   4.9  22.0   10:39     N
27   7.1  11.6   12:50   3.4   23:54  11.2   0.0   3.8   7.5  27.0   14:34   NNE
----------------------------------------------------------------------------------
     7.8  14.2    17    -0.3    26   283.8   0.0  68.0   6.7  34.0    20       N

Max >=  27.0:  0
Max <=   0.0:  0
Min <=   0.0:  1
Min <= -18.0:  0
Max Rain: 15.8 on day 6
Days of Rain: 22 (>= 0.2 mm)  12 (>= 1.0 mm)  0 (>= 20.0 mm)
Heat Base: 18.3  Cool Base: 18.3  Method: Integration