NOAA-Style Climate Reports


Report for 2019 January
                   Monthly Climatological Summary for Jan 2019

Name: Durrow   City: Laois   State: Ireland
Elevation: 89 m  Lat: N 52° 50' 40"   Lon: W 007° 23' 18"

                  Temperature (°C), Rain (mm), Wind Speed (mph)

                                      Heat  Cool        Avg
    Mean                              Deg   Deg         Wind                 Dom
Day Temp  High   Time   Low    Time   Days  Days  Rain  Speed High   Time    Dir
----------------------------------------------------------------------------------
 1   7.5   9.6   13:48   5.6   04:32  10.8   0.0   1.0   0.9  13.0   12:08   WNW
 2   6.2   7.1   14:23   5.5   01:54  12.1   0.0   0.0   5.5  20.0   08:30    SE
 3   6.0   7.6   13:29   4.0   08:32  12.3   0.0   0.3   4.8  21.0   09:33   SSE
 4   5.0   6.9   22:12   1.6   04:42  13.4   0.0   0.0   2.4  14.0   22:00   SSW
 5   6.6   7.2   16:54   4.4   09:11  11.7   0.0   0.0   3.3  13.0   16:01   SSE
 6   8.9  10.9   07:08   6.4   18:51   9.4   0.0   0.0   3.4  25.0   07:10    SW
 7   8.1  10.9   10:13   5.6   23:44  10.2   0.0   0.2   7.2  31.0   11:58   WNW
 8   7.0   8.4   12:36   5.8   09:00  11.3   0.0   1.0   4.5  16.0   12:08    NW
 9   7.4   8.5   15:23   6.4   09:36  11.0   0.0   1.3   0.1   9.0   09:33    NW
10   8.2  11.1   14:38   6.1   07:40  10.1   0.0   0.3   0.5   9.0   11:27   ENE
11   8.6   9.6   12:30   6.8   09:00   9.7   0.0   0.2   5.9  34.0   04:35   WNW
12   8.9   9.7   16:06   7.8   09:33   9.4   0.0   0.0  12.9  31.0   13:47   WNW
13   8.5  10.7   14:24   6.6   08:35   9.8   0.0   0.8  11.9  41.0   16:56    NW
14   7.5   8.6   13:55   6.4   07:14  10.8   0.0   0.2   4.1  18.0   19:36     W
15   7.8   9.6   12:22   4.1   08:09  10.5   0.0   1.3   7.7  31.0   02:26    SW
16   4.1   7.9   13:14  -0.2   08:58  14.2   0.0   0.0   7.0  25.0   23:46   WNW
17   2.8   5.7   07:28  -0.2   09:00  15.5   0.0   3.6   7.2  30.0   04:55   SSE
----------------------------------------------------------------------------------
     7.0  11.1    10    -0.2    16   192.2   0.0  10.2   5.3  41.0    13       W

Max >=  27.0:  0
Max <=   0.0:  0
Min <=   0.0:  2
Min <= -18.0:  0
Max Rain: 3.6 on day 17
Days of Rain: 11 (>= 0.2 mm)  5 (>= 1.0 mm)  0 (>= 20.0 mm)
Heat Base: 18.3  Cool Base: 18.3  Method: Integration