NOAA-Style Climate Reports


Report for 2022 August
                   Monthly Climatological Summary for Aug 2022

Name: Durrow   City: Laois   State: Ireland
Elevation: 89 m  Lat: N 52° 50' 40"   Lon: W 007° 23' 18"

                  Temperature (°C), Rain (mm), Wind Speed (mph)

                                      Heat  Cool        Avg
    Mean                              Deg   Deg         Wind                 Dom
Day Temp  High   Time   Low    Time   Days  Days  Rain  Speed High   Time    Dir
----------------------------------------------------------------------------------
 1  18.5  19.6   18:22  16.6   11:59   0.1   0.4   2.8   7.9  21.0   00:38   SSW
 2  18.7  24.2   15:35  14.4   06:50   1.2   1.6   0.0   7.3  24.0   09:50   WSW
 3  13.8  19.2   12:59   6.8   06:05   4.5   0.0   0.4   5.7  21.0   11:32   WNW
 4  14.4  18.8   16:06  13.0   21:38   3.9   0.0   0.0   5.5  20.0   14:35    NW
 5  13.2  18.6   16:12   5.1   05:49   5.1   0.0   0.0   3.4  20.0   16:32    NW
 6  13.9  20.2   15:39   6.3   06:22   4.5   0.1   0.0   3.3  14.0   16:18   WNW
 7  14.6  21.9   16:22   6.6   05:50   4.4   0.7   0.0   3.2  16.0   11:45   WNW
 8  16.1  23.8   17:19   7.8   05:35   3.8   1.6   0.0   1.8  14.0   17:19   WNW
 9  17.6  26.1   17:34   7.2   06:08   3.4   2.6   0.0   2.0  11.0   14:19   WNW
10  19.6  28.6   16:25   9.3   06:00   2.4   3.7   0.0   2.0  14.0   20:52     S
11  20.4  29.8   15:49  10.4   05:02   2.3   4.4   0.0   2.6  12.0   20:23   ENE
12  21.5  30.8   15:40  13.1   06:29   1.3   4.5   0.0   3.6  16.0   18:23   NNE
13  21.2  31.6   16:06  11.8   05:55   1.6   4.5   0.0   2.3  13.0   14:09     N
14  20.6  27.9   14:00  14.9   07:07   0.8   3.2   7.8   3.5  14.0   02:14     N
15  16.8  24.1   15:29  12.3   07:47   2.4   0.9   2.8   4.4  23.0   09:00     N
16  12.8  18.0   16:33   7.4   05:59   5.5   0.0   0.0   5.9  25.0   12:37   NNW
17  15.8  20.3   15:03  12.7   10:01   2.7   0.2   0.0   4.6  13.0   10:17   SSW
18  15.8  21.7   14:07  11.8   04:33   3.0   0.5   0.6   6.9  30.0   15:47   WSW
----------------------------------------------------------------------------------
    17.0  31.6    13     5.1     5    52.9  28.9  14.4   4.2  30.0    18     WNW

Max >=  27.0:  5
Max <=   0.0:  0
Min <=   0.0:  0
Min <= -18.0:  0
Max Rain: 7.8 on day 14
Days of Rain: 5 (>= 0.2 mm)  3 (>= 1.0 mm)  0 (>= 20.0 mm)
Heat Base: 18.3  Cool Base: 18.3  Method: Integration