NOAA-Style Climate Reports


Report for 2017 July
                   Monthly Climatological Summary for Jul 2017

Name: Durrow   City: Laois   State: Ireland
Elevation: 89 m  Lat: N 52° 50' 40"   Lon: W 007° 23' 18"

                  Temperature (°C), Rain (mm), Wind Speed (mph)

                                      Heat  Cool        Avg
    Mean                              Deg   Deg         Wind                 Dom
Day Temp  High   Time   Low    Time   Days  Days  Rain  Speed High   Time    Dir
----------------------------------------------------------------------------------
 1  13.9  18.6   18:28   7.4   05:12   4.4   0.0   0.0   6.1  31.0   15:35     W
 2  16.2  20.1   15:24  13.4   06:17   2.3   0.2   0.8   4.3  19.0   14:45   WSW
 3  15.8  18.7   14:14  14.3   02:13   2.5   0.0   1.8   3.7  19.0   08:56    SW
 4  16.5  21.0   16:18  11.6   06:05   2.3   0.4   0.2   4.6  21.0   13:53     W
 5  17.8  21.5   12:00  13.5   05:24   1.4   0.9   0.0   2.4  15.0   12:52   SSW
 6  16.8  21.3   16:39  13.6   01:00   1.8   0.3   1.8   3.4  18.0   18:22     W
 7  14.6  18.2   17:51  10.6   02:51   3.7   0.0   0.0   4.6  22.0   15:45     W
 8  17.1  21.9   18:03  12.4   02:21   1.9   0.7   0.2   4.4  19.0   07:57     S
 9  15.5  20.4   14:02  12.4   07:02   3.1   0.3   1.6   6.5  22.0   16:43     W
10  14.7  18.8   16:13  12.1   05:30   3.6   0.0   1.7   2.3  14.0   18:45     W
11  13.0  19.3   16:08   6.3   05:07   5.3   0.0   0.5   3.7  21.0   16:30    NE
12  15.8  22.3   16:31   9.6   05:19   3.3   0.8   0.3   5.1  21.0   16:30   SSE
13  15.2  21.1   15:26  11.9   03:25   3.4   0.3   0.0   8.4  30.0   18:44     W
14  17.7  21.6   16:28  15.0   10:00   1.2   0.6   0.0   6.6  21.0   10:47   WSW
15  18.5  24.1   14:43  13.3   05:20   1.4   1.6   1.8   6.7  32.0   14:11     W
16  14.8  20.1   17:06   7.1   05:08   3.7   0.3   0.0   3.9  19.0   10:03   WNW
17  18.6  26.6   16:07  11.7   03:16   2.0   2.3   0.2   2.0  16.0   05:15   ESE
18  19.7  25.4   13:17  15.9   00:01   0.6   2.0   4.1   8.4  25.0   14:53   ESE
19  13.5  19.4   15:51   9.2   05:45   4.8   0.0   5.6   6.9  30.0   17:00   WSW
20  12.9  17.2   14:08   9.9   06:59   5.4   0.0  16.5   7.6  33.0   07:53   SSW
21  12.3  16.7   09:24   9.7   06:07   6.0   0.0   6.9   7.7  27.0   12:58    SE
22  15.8  20.8   16:48  12.3   05:22   2.7   0.2   0.5   4.0  19.0   10:10    NW
23  16.2  21.6   17:04  11.8   05:25   2.6   0.6   0.0   5.3  20.0   18:13   WNW
24  16.4  22.4   15:24  12.6   01:38   2.7   0.8   0.0   4.5  20.0   12:33   WNW
----------------------------------------------------------------------------------
    15.8  26.6    17     6.3    11    72.1  12.3  44.5   5.1  33.0    20     WSW

Max >=  27.0:  0
Max <=   0.0:  0
Min <=   0.0:  0
Min <= -18.0:  0
Max Rain: 16.5 on day 20
Days of Rain: 16 (>= 0.2 mm)  9 (>= 1.0 mm)  0 (>= 20.0 mm)
Heat Base: 18.3  Cool Base: 18.3  Method: Integration