NOAA-Style Climate Reports


Report for 2017 April
                   Monthly Climatological Summary for Apr 2017

Name: Durrow   City: Laois   State: Ireland
Elevation: 89 m  Lat: N 52° 50' 40"   Lon: W 007° 23' 18"

                  Temperature (°C), Rain (mm), Wind Speed (mph)

                                      Heat  Cool        Avg
    Mean                              Deg   Deg         Wind                 Dom
Day Temp  High   Time   Low    Time   Days  Days  Rain  Speed High   Time    Dir
----------------------------------------------------------------------------------
 1   6.9  13.2   13:04  -0.2   07:25  11.4   0.0   0.3   6.1  30.0   14:33   WNW
 2   9.9  13.7   14:49   6.9   23:28   8.5   0.0   0.2   9.0  35.0   05:31     S
 3   9.6  14.1   17:31   5.9   06:59   8.6   0.0   4.6   9.9  33.0   10:03    SW
 4   9.2  11.6   15:42   7.4   07:10   9.1   0.0   0.0   6.8  27.0   11:09    NW
 5   9.3  11.6   14:29   7.7   06:20   9.0   0.0   0.0   2.9  19.0   13:58    NW
 6   8.7  11.6   16:41   6.2   06:02   9.6   0.0   0.0   1.8  13.0   16:41   WNW
 7   8.1  14.4   16:46   2.1   05:51  10.2   0.0   0.0   6.0  19.0   21:17   SSE
 8  11.0  16.0   14:55   7.6   00:44   7.3   0.0   0.0   8.4  26.0   15:51   SSE
 9   8.8  14.0   13:38   3.8   06:41   9.6   0.0   0.3   7.6  26.0   14:48   WNW
10   7.9  12.4   15:45   1.9   03:17  10.4   0.0   0.0   4.8  24.0   14:24    NW
11   9.4  11.2   15:20   8.6   06:15   8.9   0.0   0.0  10.2  30.0   09:16     W
12  10.0  14.3   15:24   6.8   05:15   8.3   0.0   0.0   8.5  35.0   15:30   WNW
13  10.4  12.6   16:38   8.9   10:00   7.9   0.0   0.0   5.7  19.0   08:59     W
14   8.7  12.4   11:45   5.3   05:03   9.6   0.0   2.0   7.1  24.0   13:18   WNW
15   8.3  12.4   16:00   3.2   02:41  10.0   0.0   0.2   7.1  29.0   16:17   WNW
16   9.4  13.1   15:24   6.6   04:55   8.9   0.0   3.3   9.1  33.0   16:13   WNW
17   6.4  11.7   16:33   0.0   04:53  11.9   0.0   0.3   2.6  15.0   15:53     N
18  10.5  14.8   15:32   6.9   03:21   7.8   0.0   0.2   1.9  11.0   23:53   ESE
19  11.5  15.6   15:03   7.6   06:31   6.8   0.0   0.0   2.6  14.0   15:49    NW
20  11.4  14.2   11:13   8.6   06:27   6.9   0.0   0.0   2.8  16.0   14:44    NW
21  11.3  14.2   13:16   8.9   05:54   7.0   0.0   0.0   2.8  18.0   14:06    NW
22  10.2  13.1   15:07   4.9   03:46   8.1   0.0   0.0   2.2  14.0   16:21   WNW
23  11.1  14.1   15:06   8.3   06:19   7.2   0.0   0.0   3.3  18.0   09:40     W
24   5.9  12.4   12:55   0.6   05:13  12.4   0.0   0.0   8.6  31.0   18:53    NW
25   4.6  10.1   13:03  -0.6   06:18  13.7   0.0   1.8   5.9  31.0   14:48   NNW
26   6.7  10.2   16:19   2.4   06:11  11.6   0.0   0.0   4.5  24.0   11:54   NNW
27   8.8  12.1   13:19   6.1   06:25   9.5   0.0   0.3   5.2  25.0   12:25    NW
----------------------------------------------------------------------------------
     9.0  16.0     8    -0.6    25   250.2   0.0  13.5   5.7  35.0     2     WNW

Max >=  27.0:  0
Max <=   0.0:  0
Min <=   0.0:  3
Min <= -18.0:  0
Max Rain: 4.6 on day 3
Days of Rain: 11 (>= 0.2 mm)  4 (>= 1.0 mm)  0 (>= 20.0 mm)
Heat Base: 18.3  Cool Base: 18.3  Method: Integration