NOAA-Style Climate Reports


Report for 2017 December
                   Monthly Climatological Summary for Dec 2017

Name: Durrow   City: Laois   State: Ireland
Elevation: 89 m  Lat: N 52° 50' 40"   Lon: W 007° 23' 18"

                  Temperature (°C), Rain (mm), Wind Speed (mph)

                                      Heat  Cool        Avg
    Mean                              Deg   Deg         Wind                 Dom
Day Temp  High   Time   Low    Time   Days  Days  Rain  Speed High   Time    Dir
----------------------------------------------------------------------------------
 1   3.7   6.3   14:02  -3.1   09:00  14.6   0.0   0.2   3.6  13.0   15:04   WNW
 2   7.0   7.6   14:31   4.8   09:18  11.4   0.0   0.0   7.3  19.0   21:01   WNW
 3   7.3   8.7   15:10   5.6   07:15  11.0   0.0   0.0   5.4  20.0   12:32   WNW
 4   6.6   7.8   13:05   5.7   09:00  11.7   0.0   0.3   2.5  14.0   15:02     W
 5   8.6  10.8   08:20   6.1   09:00   9.7   0.0   0.0   8.7  29.0   08:19     S
 6  10.7  13.7   23:59   4.1   07:39   7.6   0.0   6.6  13.8  36.0   03:27   SSW
 7   3.0   7.5   14:02   0.3   08:15  15.3   0.0   0.2  13.5  35.0   13:08   WNW
 8   1.5   4.3   14:00  -0.4   00:36  16.8   0.0   0.5   6.2  31.0   15:50   WNW
 9   2.6   4.2   01:59   0.4   06:30  15.7   0.0  11.2   6.1  24.0   01:26   ESE
10  -1.5   1.6   13:09  -5.1   06:43  19.8   0.0   4.6   3.9  21.0   14:47     N
11   1.2   4.2   12:48  -1.8   09:00  17.1   0.0   5.1   6.4  20.0   12:06     W
12   5.1   7.2   08:03   0.9   09:04  13.2   0.0   2.5   7.7  33.0   08:24    SW
13   3.2   6.6   09:05   1.5   04:12  15.1   0.0  18.0  11.5  45.0   21:31     W
----------------------------------------------------------------------------------
     4.5  13.7     6    -5.1    10   179.0   0.0  49.2   7.4  45.0    13     WSW

Max >=  27.0:  0
Max <=   0.0:  0
Min <=   0.0:  4
Min <= -18.0:  0
Max Rain: 18.0 on day 13
Days of Rain: 10 (>= 0.2 mm)  6 (>= 1.0 mm)  0 (>= 20.0 mm)
Heat Base: 18.3  Cool Base: 18.3  Method: Integration