NOAA-Style Climate Reports


Report for 2018 January
                   Monthly Climatological Summary for Jan 2018

Name: Durrow   City: Laois   State: Ireland
Elevation: 89 m  Lat: N 52° 50' 40"   Lon: W 007° 23' 18"

                  Temperature (°C), Rain (mm), Wind Speed (mph)

                                      Heat  Cool        Avg
    Mean                              Deg   Deg         Wind                 Dom
Day Temp  High   Time   Low    Time   Days  Days  Rain  Speed High   Time    Dir
----------------------------------------------------------------------------------
 1   5.4   9.4   08:45   1.2   00:23  12.9   0.0   3.8  10.8  46.0   12:57   WSW
 2   7.7  11.2   18:07   4.8   03:31  10.6   0.0  10.6  16.2  58.0   18:33   WSW
 3   7.2  10.3   07:52   4.3   01:52  11.1   0.0   7.2  12.8  45.0   12:13   WSW
 4   4.5   9.1   09:16   0.5   07:45  13.8   0.0   0.7   7.1  64.0   09:33     W
 5   2.7   7.3   13:44  -0.6   01:59  15.6   0.0   0.0   5.0  19.0   19:56     S
 6   1.3   6.3   12:46  -3.2   07:35  17.0   0.0   0.5   4.2  25.0   13:03   NNE
 7   0.6   4.9   13:46  -2.9   08:31  17.7   0.0   0.3   3.4  18.0   14:00     E
 8   3.4   6.4   08:23  -2.8   09:00  14.9   0.0   1.0  13.9  36.0   01:03    SE
 9   5.2   8.4   15:47   0.2   07:21  13.1   0.0   7.6   8.0  33.0   12:33   SSE
10   4.5   6.9   15:24   1.0   09:20  13.8   0.0   0.3   4.0  18.0   20:08     E
11   3.0   5.9   08:57   1.1   22:20  15.3   0.0   0.2   6.7  27.0   03:54    SE
12   7.9   8.6   23:13   5.9   09:00  10.4   0.0   8.7  19.9  39.0   23:12   SSE
13   6.1   8.9   12:11   3.6   21:15  12.2   0.0   0.7   8.1  20.0   14:38   SSE
14   8.2   9.9   23:02   4.7   09:06  10.1   0.0   4.3  11.3  34.0   21:43    SW
15   4.9   8.2   12:42   1.1   07:18  13.4   0.0   9.2  13.5  45.0   22:12     W
----------------------------------------------------------------------------------
     4.8  11.2     2    -3.2     6   201.9   0.0  55.1   9.7  64.0     4     SSW

Max >=  27.0:  0
Max <=   0.0:  0
Min <=   0.0:  4
Min <= -18.0:  0
Max Rain: 10.6 on day 2
Days of Rain: 14 (>= 0.2 mm)  8 (>= 1.0 mm)  0 (>= 20.0 mm)
Heat Base: 18.3  Cool Base: 18.3  Method: Integration