NOAA-Style Climate Reports


Report for 2018 February
                   Monthly Climatological Summary for Feb 2018

Name: Durrow   City: Laois   State: Ireland
Elevation: 89 m  Lat: N 52° 50' 40"   Lon: W 007° 23' 18"

                  Temperature (°C), Rain (mm), Wind Speed (mph)

                                      Heat  Cool        Avg
    Mean                              Deg   Deg         Wind                 Dom
Day Temp  High   Time   Low    Time   Days  Days  Rain  Speed High   Time    Dir
----------------------------------------------------------------------------------
 1   3.2   6.7   13:42   1.2   02:53  15.1   0.0   0.5  10.1  32.0   11:06   WNW
 2   4.6   6.9   12:54   2.8   04:35  13.7   0.0   2.3   7.4  25.0   02:09     W
 3   3.3   6.6   14:06  -0.3   08:59  15.0   0.0   0.8   8.3  32.0   14:13    NW
 4   2.2   7.3   14:13  -2.1   06:22  16.1   0.0   0.2   1.8  15.0   12:48   NNE
 5   1.4   4.4   15:31  -0.8   09:00  16.9   0.0   0.0   2.4  18.0   06:09     W
 6   1.1   4.2   14:03  -0.8   21:25  17.2   0.0   2.3   6.8  27.0   13:27    NW
 7   4.8   8.2   05:55   0.5   09:23  13.5   0.0   1.0   5.5  18.0   15:34   SSE
 8   4.2   8.1   13:42   0.0   06:07  14.1   0.0   2.8   8.7  39.0   03:23     W
 9   4.7   9.4   08:54   0.5   09:00  13.6   0.0   4.8   9.7  30.0   06:08    SW
10   5.9  11.4   13:50   0.2   08:26  12.4   0.0   3.3  13.8  49.0   19:10     W
11   1.0   3.2   13:02  -0.7   22:10  17.3   0.0   0.8   7.3  29.0   14:10     W
12   3.6   6.1   14:07   0.3   08:11  14.7   0.0   6.9  11.8  38.0   22:15   SSW
13   3.6   6.8   08:56   0.2   22:33  14.7   0.0   1.5  13.0  55.0   06:19     S
14   5.6  10.3   12:04   0.9   06:43  12.7   0.0   2.0  10.5  40.0   04:09    SW
15   2.3   5.7   15:01  -0.3   02:00  16.0   0.0   1.5   9.1  37.0   10:42    SW
16   4.1   7.8   12:48   0.3   07:58  14.2   0.0   2.6   6.3  32.0   15:10     S
17   6.8   9.6   15:03   1.6   09:00  11.5   0.0   0.7   6.6  20.0   05:56     S
18   9.5  10.9   15:52   6.8   09:00   8.8   0.0   1.1   3.4  19.0   09:22    SW
----------------------------------------------------------------------------------
     4.0  11.4    10    -2.1     4   257.5   0.0  35.1   7.9  55.0    13     WSW

Max >=  27.0:  0
Max <=   0.0:  0
Min <=   0.0:  7
Min <= -18.0:  0
Max Rain: 6.9 on day 12
Days of Rain: 17 (>= 0.2 mm)  12 (>= 1.0 mm)  0 (>= 20.0 mm)
Heat Base: 18.3  Cool Base: 18.3  Method: Integration