NOAA-Style Climate Reports


Report for 2018 April
                   Monthly Climatological Summary for Apr 2018

Name: Durrow   City: Laois   State: Ireland
Elevation: 89 m  Lat: N 52° 50' 40"   Lon: W 007° 23' 18"

                  Temperature (°C), Rain (mm), Wind Speed (mph)

                                      Heat  Cool        Avg
    Mean                              Deg   Deg         Wind                 Dom
Day Temp  High   Time   Low    Time   Days  Days  Rain  Speed High   Time    Dir
----------------------------------------------------------------------------------
 1   3.9   6.9   14:08   1.8   02:55  14.4   0.0   9.9  11.6  30.0   16:47   ENE
 2   7.7  10.3   09:59   4.1   10:00  10.6   0.0   6.9   4.5  23.0   09:41   ESE
 3   7.6  12.6   16:42   3.5   07:28  10.7   0.0   5.8   8.3  27.0   12:59     S
 4   2.5   8.1   15:11  -4.0   06:13  15.8   0.0   0.3   6.8  32.0   16:20    NW
 5   7.6   8.8   16:03   3.9   10:00  10.7   0.0  13.2  18.0  37.0   01:29    SE
 6   9.0  12.3   16:41   7.4   02:33   9.3   0.0   4.6  11.9  40.0   13:00     S
 7   8.4  12.9   14:12   3.4   06:13   9.9   0.0   2.5   6.0  20.0   14:38     S
 8   8.7  13.4   14:36   5.1   02:04   9.6   0.0   0.3   6.1  20.0   13:19     S
 9   8.7  12.1   15:11   6.3   00:12   9.6   0.0   0.0   8.3  25.0   15:39    SE
10   7.8   9.9   10:30   6.8   23:23  10.5   0.0   0.5   7.1  23.0   14:57    NE
11   8.4  10.7   13:55   7.4   21:23  10.0   0.0   0.0   5.5  21.0   02:12   ENE
12   8.2  10.9   17:17   6.6   04:34  10.1   0.0   0.0   2.4  13.0   20:08     E
13   9.4  12.9   17:38   6.7   00:51   8.9   0.0   0.2   6.0  20.0   01:34     S
14  10.1  12.4   11:53   8.5   07:18   8.2   0.0   1.8  16.0  35.0   05:42   SSE
15   9.4  11.9   12:25   5.7   06:31   8.9   0.0   1.3  12.6  35.0   12:51     S
16  10.4  13.1   09:59   9.4   17:50   7.9   0.0  19.3  20.9  46.0   16:35     S
17  12.1  15.1   13:18  10.2   01:24   6.2   0.0   2.5  14.2  45.0   14:59   SSW
18  12.4  16.2   13:44  10.5   06:40   5.9   0.0   0.3  14.7  50.0   14:22     S
----------------------------------------------------------------------------------
     8.5  16.2    18    -4.0     4   177.2   0.0  69.4  10.0  50.0    18     SSE

Max >=  27.0:  0
Max <=   0.0:  0
Min <=   0.0:  1
Min <= -18.0:  0
Max Rain: 19.3 on day 16
Days of Rain: 15 (>= 0.2 mm)  10 (>= 1.0 mm)  0 (>= 20.0 mm)
Heat Base: 18.3  Cool Base: 18.3  Method: Integration