NOAA-Style Climate Reports


Report for 2018 May
                   Monthly Climatological Summary for May 2018

Name: Durrow   City: Laois   State: Ireland
Elevation: 89 m  Lat: N 52° 50' 40"   Lon: W 007° 23' 18"

                  Temperature (°C), Rain (mm), Wind Speed (mph)

                                      Heat  Cool        Avg
    Mean                              Deg   Deg         Wind                 Dom
Day Temp  High   Time   Low    Time   Days  Days  Rain  Speed High   Time    Dir
----------------------------------------------------------------------------------
 1   8.7  10.4   15:00   5.8   05:32   9.6   0.0   5.6  10.2  33.0   12:34    SW
 2   8.7  12.2   16:07   6.4   23:26   9.6   0.0   0.7   8.5  36.0   13:48   WNW
 3  10.8  13.1   09:21   8.7   10:00   7.5   0.0   0.3   5.3  29.0   13:38    SW
 4  12.5  18.3   15:20   8.3   06:57   5.8   0.0   0.2   8.1  23.0   20:25     S
 5  12.6  20.2   14:37   5.7   05:57   5.8   0.2   0.3   6.4  21.0   13:51     S
 6  14.0  21.2   16:20   8.3   01:32   4.8   0.5   0.0   5.4  22.0   10:29   SSW
 7  13.7  19.7   15:47  10.6   06:20   4.7   0.0   1.3   6.7  27.0   09:50   SSW
 8  10.5  15.3   15:56   5.6   01:27   7.8   0.0   0.7   9.2  30.0   16:48     W
 9   8.2  11.4   19:14   5.3   06:10  10.1   0.0   3.8   7.3  29.0   13:22   WSW
10  10.1  14.8   16:56   6.9   00:02   8.2   0.0   5.4  12.0  42.0   07:42     S
11   7.3  12.9   17:15   1.8   05:55  11.0   0.0   9.9   3.8  38.0   10:28    SW
12   8.6  14.6   15:54   1.5   05:45   9.7   0.0   0.2   3.0  23.0   17:41    SW
13  11.3  15.6   14:59   8.4   00:27   7.0   0.0   0.0   4.8  19.0   14:30   SSW
14  12.5  15.2   17:29   9.1   01:08   5.8   0.0   0.0   1.9  11.0   11:49   SSE
15  10.2  17.7   13:54   3.7   06:15   8.1   0.0   0.0   5.3  23.0   19:53   NNW
16   9.8  15.5   15:31   4.8   02:01   8.5   0.0   0.0   4.8  25.0   10:22    NE
17  12.0  17.1   16:13   7.6   03:20   6.3   0.0   0.0   3.1  15.0   18:21     S
18  12.6  18.9   16:39   5.8   05:21   5.7   0.0   0.0   3.5  15.0   07:01     S
19  13.3  18.2   14:35  10.3   01:39   5.0   0.0   0.5  11.2  28.0   14:39     S
20  11.9  13.9   14:14  10.4   23:13   6.4   0.0   2.6  11.2  27.0   14:34     S
21   9.8  14.4   12:29   5.6   05:59   8.5   0.0   0.7   6.1  21.0   17:04     N
22  11.5  17.3   16:06   5.9   04:57   6.8   0.0   0.3   2.6  15.0   11:02   NNE
23  14.3  22.3   17:01   5.7   05:03   5.0   0.9   0.2   2.3  14.0   13:58     S
24  14.9  19.9   11:38  11.4   05:42   3.5   0.1   0.3   2.8  19.0   08:47   ENE
25  17.0  21.9   13:24  12.6   05:41   2.2   1.0   0.0   8.5  28.0   14:14    NE
----------------------------------------------------------------------------------
    11.5  22.3    23     1.5    12   173.4   2.7  33.0   6.2  42.0    10     SSW

Max >=  27.0:  0
Max <=   0.0:  0
Min <=   0.0:  0
Min <= -18.0:  0
Max Rain: 9.9 on day 11
Days of Rain: 17 (>= 0.2 mm)  6 (>= 1.0 mm)  0 (>= 20.0 mm)
Heat Base: 18.3  Cool Base: 18.3  Method: Integration