NOAA-Style Climate Reports


Report for 2018 June
                   Monthly Climatological Summary for Jun 2018

Name: Durrow   City: Laois   State: Ireland
Elevation: 89 m  Lat: N 52° 50' 40"   Lon: W 007° 23' 18"

                  Temperature (°C), Rain (mm), Wind Speed (mph)

                                      Heat  Cool        Avg
    Mean                              Deg   Deg         Wind                 Dom
Day Temp  High   Time   Low    Time   Days  Days  Rain  Speed High   Time    Dir
----------------------------------------------------------------------------------
 1  16.9  22.9   14:17  14.2   07:52   2.1   0.7   2.0   4.2  21.0   16:35     S
 2  14.4  17.7   15:21  11.1   03:49   3.9   0.0   0.0   5.3  15.0   11:59     S
 3  15.7  21.8   17:14   8.7   04:50   3.4   0.7   0.0   1.0  12.0   11:45   SSW
 4  17.2  22.7   17:17  11.8   04:03   2.3   1.1   0.0   3.1  19.0   12:41    NE
 5  15.2  21.9   16:26   7.6   05:16   3.7   0.6   0.0   2.5  15.0   12:18    NE
 6  17.2  24.4   14:18   9.7   02:05   2.9   1.8   0.0   2.9  16.0   18:41     E
 7  18.0  24.3   12:45  11.1   04:45   2.2   1.9   0.0   3.2  21.0   14:54   ENE
 8  17.6  24.5   15:38  12.7   05:41   2.2   1.6   9.7   2.5  23.0   19:59   ESE
 9  17.6  23.9   17:39  12.1   05:34   2.1   1.4   0.3   1.7  11.0   17:47   NNW
10  16.9  21.7   16:11  13.2   05:57   1.9   0.5   0.0   3.1  18.0   09:50     N
11  15.2  18.3   14:46  12.4   03:07   3.0   0.0   0.0   5.6  19.0   10:26     N
12  13.8  17.3   13:48   7.9   05:12   4.5   0.0   0.0   2.7  19.0   10:47   NNW
13  14.9  17.3   15:34  12.0   06:42   3.4   0.0   1.2  14.8  47.0   04:48    SW
14  13.2  17.4   13:08   9.9   04:26   5.1   0.0   0.0   8.5  34.0   12:40   WNW
15  12.6  15.9   15:45  10.3   02:03   5.7   0.0   2.6   6.2  23.0   06:31    SW
16  12.6  16.1   16:14   9.9   04:25   5.7   0.0   2.2   8.8  32.0   19:03     W
17  14.3  18.3   13:41  10.9   04:12   4.0   0.0   0.0   7.6  31.0   16:34     W
18  13.6  19.1   13:54   7.7   04:45   4.7   0.0   0.0   6.1  27.0   13:01     W
----------------------------------------------------------------------------------
    15.4  24.5     8     7.6     5    62.8  10.3  18.0   5.0  47.0    13       W

Max >=  27.0:  0
Max <=   0.0:  0
Min <=   0.0:  0
Min <= -18.0:  0
Max Rain: 9.7 on day 8
Days of Rain: 6 (>= 0.2 mm)  5 (>= 1.0 mm)  0 (>= 20.0 mm)
Heat Base: 18.3  Cool Base: 18.3  Method: Integration