NOAA-Style Climate Reports


Report for 2018 October
                   Monthly Climatological Summary for Oct 2018

Name: Durrow   City: Laois   State: Ireland
Elevation: 89 m  Lat: N 52° 50' 40"   Lon: W 007° 23' 18"

                  Temperature (°C), Rain (mm), Wind Speed (mph)

                                      Heat  Cool        Avg
    Mean                              Deg   Deg         Wind                 Dom
Day Temp  High   Time   Low    Time   Days  Days  Rain  Speed High   Time    Dir
----------------------------------------------------------------------------------
 1  12.7  14.4   15:54   7.1   10:00   5.6   0.0   1.3   7.4  31.0   03:22     W
 2  13.4  15.8   14:54  12.0   02:43   4.9   0.0   0.0   8.0  31.0   15:34   WNW
 3  13.8  15.3   15:41  12.3   06:36   4.5   0.0   0.2   3.1  19.0   04:22    SW
 4  12.1  17.1   15:10   8.2   04:22   6.2   0.0  13.5   4.5  21.0   10:30     W
 5   7.7  11.8   16:09   4.7   07:49  10.6   0.0   0.0   1.9  15.0   11:38   NNE
 6   6.1  11.9   13:41   0.3   02:32  12.2   0.0   0.0   3.7  21.0   11:21   NNE
 7  12.9  14.8   15:12   7.1   10:00   5.4   0.0   0.0   9.3  28.0   14:26    SW
 8  13.9  14.8   13:10  13.2   22:05   4.4   0.0   0.0  10.8  38.0   03:59   SSW
 9  13.7  16.4   16:10  11.4   22:37   4.6   0.0   0.0   9.1  35.0   10:58     S
10  15.5  18.4   15:28  11.1   09:54   2.8   0.0   4.3  13.9  36.0   21:14   SSE
11  12.2  15.1   16:24   9.1   20:40   6.1   0.0  15.8  12.2  53.0   03:20     S
12  12.2  15.1   10:14  10.7   12:44   6.1   0.0  13.2   7.7  39.0   10:04     S
13   8.3  11.8   14:32   2.8   09:00  10.0   0.0   6.6   2.1  19.0   14:44    NW
14   6.5  13.9   13:47   1.1   08:30  11.8   0.0   0.0   0.0   6.0   13:54   WNW
----------------------------------------------------------------------------------
    11.5  18.4    10     0.3     6    95.2   0.0  54.9   6.7  53.0    11     SSW

Max >=  27.0:  0
Max <=   0.0:  0
Min <=   0.0:  0
Min <= -18.0:  0
Max Rain: 15.8 on day 11
Days of Rain: 7 (>= 0.2 mm)  6 (>= 1.0 mm)  0 (>= 20.0 mm)
Heat Base: 18.3  Cool Base: 18.3  Method: Integration