NOAA-Style Climate Reports


Report for 2018 December
                   Monthly Climatological Summary for Dec 2018

Name: Durrow   City: Laois   State: Ireland
Elevation: 89 m  Lat: N 52° 50' 40"   Lon: W 007° 23' 18"

                  Temperature (°C), Rain (mm), Wind Speed (mph)

                                      Heat  Cool        Avg
    Mean                              Deg   Deg         Wind                 Dom
Day Temp  High   Time   Low    Time   Days  Days  Rain  Speed High   Time    Dir
----------------------------------------------------------------------------------
 1  10.5  12.1   06:20   9.3   09:07   7.8   0.0   4.0   3.8  32.0   08:01   WSW
 2  10.1  13.7   13:48   6.5   08:25   8.3   0.0   9.2   5.5  29.0   16:29   WSW
 3   2.6   8.4   14:06  -2.6   04:30  15.7   0.0   0.0   2.6  20.0   12:22    NW
 4   4.4   9.1   06:46  -0.9   09:13  13.9   0.0  13.4   6.0  25.0   23:39   SSE
 5  10.3  12.3   08:50   8.1   09:51   8.0   0.0   2.3   3.5  22.0   06:38   SSW
 6  10.4  13.2   11:54   5.2   08:54   7.9   0.0   4.8   8.9  38.0   01:54    SW
 7   7.1   8.4   00:17   4.4   11:58  11.2   0.0   2.6  13.5  45.0   00:20     W
 8   8.5  10.8   10:38   7.1   08:16   9.8   0.0   9.9  16.1  48.0   12:58   WNW
 9   5.8   9.6   12:02   1.4   04:30  12.5   0.0   0.0   6.0  27.0   12:22   WNW
10   8.2   9.4   19:03   4.6   09:00  10.1   0.0   0.0   7.4  34.0   06:55     S
11   8.0   9.8   14:48   3.3   08:55  10.3   0.0   8.1   8.7  32.0   09:00     S
12   6.8   8.5   20:40   3.3   09:00  11.5   0.0   7.1  14.8  40.0   20:55   SSE
13   6.0   6.6   14:14   4.9   10:17  12.3   0.0   1.0  16.9  38.0   09:15   SSE
14   7.9   9.9   08:59   6.3   09:00  10.4   0.0   9.7  18.5  38.0   21:41   SSE
15   7.0  12.6   13:25   2.7   03:36  11.3   0.0   8.9  11.9  53.0   17:21   SSW
16   4.6   7.2   15:04   2.3   04:38  13.7   0.0   0.5   5.2  24.0   08:28   SSW
17  10.2  11.2   23:07   5.8   09:00   8.1   0.0  14.7  16.7  50.0   04:56     S
18   6.0   9.9   13:36   2.8   04:11  12.3   0.0   0.0   8.3  27.0   09:53     S
----------------------------------------------------------------------------------
     7.5  13.7     2    -2.6     3   195.1   0.0  96.2   9.7  53.0    15     SSW

Max >=  27.0:  0
Max <=   0.0:  0
Min <=   0.0:  2
Min <= -18.0:  0
Max Rain: 14.7 on day 17
Days of Rain: 14 (>= 0.2 mm)  13 (>= 1.0 mm)  0 (>= 20.0 mm)
Heat Base: 18.3  Cool Base: 18.3  Method: Integration