NOAA-Style Climate Reports


Report for 2019 February
                   Monthly Climatological Summary for Feb 2019

Name: Durrow   City: Laois   State: Ireland
Elevation: 89 m  Lat: N 52° 50' 40"   Lon: W 007° 23' 18"

                  Temperature (°C), Rain (mm), Wind Speed (mph)

                                      Heat  Cool        Avg
    Mean                              Deg   Deg         Wind                 Dom
Day Temp  High   Time   Low    Time   Days  Days  Rain  Speed High   Time    Dir
----------------------------------------------------------------------------------
 1   0.1   3.8   13:15  -3.3   08:09  18.2   0.0   0.3   5.8  29.0   14:00   NNW
 2   0.6   5.2   15:23  -3.0   00:30  17.7   0.0   1.2   3.4  20.0   11:14   WSW
 3   7.1   9.3   01:26   1.8   09:00  11.2   0.0   1.8   8.6  27.0   19:11   SSW
 4   5.3  10.1   13:22  -0.4   23:15  13.0   0.0   1.5   6.7  43.0   11:04     S
 5   7.1  12.4   15:03   2.5   02:09  11.2   0.0   5.1   9.1  32.0   16:35   SSW
 6   5.9  10.8   13:43   1.6   00:04  12.4   0.0   9.9   9.4  43.0   00:44    SW
 7   7.9  10.8   06:18   4.3   09:00  10.4   0.0   4.8  16.7 121.0   07:10    SW
 8   6.4   9.4   11:28   4.2   20:39  11.9   0.0   4.4   0.0   0.0   09:00   ---
 9   3.9   8.1   11:47   0.4   08:21  14.5   0.0   0.7   0.0   0.0   09:00   ---
10   5.8   7.7   14:35   1.5   09:00  12.5   0.0   0.0   0.0   0.0   09:00   ---
11   7.7   9.9   14:42   2.8   09:11  10.6   0.0   0.0   0.0   0.0   09:00   ---
12  10.3  13.1   13:32   8.9   07:32   8.0   0.0   0.3   0.0   0.0   09:00   ---
13   9.4  10.6   13:35   8.2   07:54   8.9   0.0   0.0   0.0   0.0   09:00   ---
14   7.9  10.6   12:07   6.3   23:44  10.4   0.0   0.0   0.0   0.0   09:00   ---
15   9.4  12.5   12:22   5.1   06:34   8.9   0.0   0.2   0.0   0.0   09:00   ---
16   9.8  11.6   13:45   6.9   09:03   8.5   0.0   4.1   0.0   0.0   09:00   ---
17   7.3  11.1   12:27   2.8   06:36  11.0   0.0   2.0   0.0   0.0   09:00   ---
18   6.0   9.9   15:49   1.6   03:48  12.3   0.0   0.3   0.0   0.0   09:00   ---
----------------------------------------------------------------------------------
     6.6  13.1    12    -3.3     1   211.6   0.0  36.6   3.3 121.0     7      SW

Max >=  27.0:  0
Max <=   0.0:  0
Min <=   0.0:  3
Min <= -18.0:  0
Max Rain: 9.9 on day 6
Days of Rain: 14 (>= 0.2 mm)  9 (>= 1.0 mm)  0 (>= 20.0 mm)
Heat Base: 18.3  Cool Base: 18.3  Method: Integration