NOAA-Style Climate Reports


Report for 2019 March
                   Monthly Climatological Summary for Mar 2019

Name: Durrow   City: Laois   State: Ireland
Elevation: 89 m  Lat: N 52° 50' 40"   Lon: W 007° 23' 18"

                  Temperature (°C), Rain (mm), Wind Speed (mph)

                                      Heat  Cool        Avg
    Mean                              Deg   Deg         Wind                 Dom
Day Temp  High   Time   Low    Time   Days  Days  Rain  Speed High   Time    Dir
----------------------------------------------------------------------------------
 1   7.9  10.9   13:02   2.6   03:54  10.4   0.0  18.5   0.0   0.0   09:00   ---
 2   7.5  11.6   13:38   4.7   06:55  10.8   0.0   2.8   0.0   0.0   09:00   ---
 3   1.4   5.8   09:00  -1.6   02:47  16.9   0.0  12.5   0.0   0.0   09:00   ---
 4   4.6   6.9   12:58   2.3   13:22  13.7   0.0  10.7   0.0   0.0   09:00   ---
 5   8.5  10.1   13:39   5.7   08:56   9.8   0.0  19.0   0.0   0.0   09:00   ---
 6   5.3   7.9   14:53   3.9   02:41  13.0   0.0   0.8   0.0   0.0   09:00   ---
 7   5.2   9.9   16:19   0.2   01:39  13.1   0.0   0.7   0.0   0.0   09:00   ---
 8   7.5  11.0   15:57   4.1   09:00  10.8   0.0   4.6   0.0   0.0   09:00   ---
 9   4.8   8.7   11:15   0.7   01:22  13.5   0.0  13.2   0.0   0.0   09:00   ---
10   3.0   7.6   12:18   0.9   12:45  15.3   0.0   5.6   0.0   0.0   09:00   ---
11   7.2  11.1   00:45   2.8   07:13  11.1   0.0   7.4   0.0   0.0   09:00   ---
12   6.1   8.1   14:58   3.1   09:14  12.2   0.0   3.5   0.0   0.0   09:00   ---
13   8.8  10.3   06:13   7.2   09:01   9.5   0.0   4.8   0.0   0.0   09:00   ---
14  10.3  11.4   12:58   8.4   19:02   8.0   0.0   5.1   0.0   0.0   09:00   ---
15   9.0  11.1   02:38   5.6   21:50   9.3   0.0  11.7   0.0   0.0   09:00   ---
16   4.8  11.3   10:07   0.8   05:05  13.5   0.0   4.3   0.0   0.0   09:00   ---
17   6.4  10.4   15:19   4.6   22:26  11.9   0.0   3.6   0.0   0.0   09:00   ---
18   7.7   9.6   13:38   4.7   02:49  10.6   0.0   0.7   0.0   0.0   09:00   ---
19   9.9  14.9   15:37   7.3   06:42   8.4   0.0   0.0   0.0   0.0   09:00   ---
20  12.0  15.6   13:46   8.1   09:00   6.3   0.0   0.3   0.0   0.0   09:00   ---
21  10.5  13.8   15:03   8.7   21:58   7.8   0.0   0.3   0.0   0.0   09:00   ---
22   5.8  10.9   12:05   0.4   06:21  12.5   0.0   1.7   0.0   0.0   09:00   ---
23   5.0  10.3   13:30  -1.3   06:11  13.3   0.0   0.3   0.0   0.0   09:00   ---
----------------------------------------------------------------------------------
     6.9  15.6    20    -1.6     3   261.7   0.0 132.1   0.0   0.0     0     ---

Max >=  27.0:  0
Max <=   0.0:  0
Min <=   0.0:  2
Min <= -18.0:  0
Max Rain: 19.0 on day 5
Days of Rain: 22 (>= 0.2 mm)  16 (>= 1.0 mm)  0 (>= 20.0 mm)
Heat Base: 18.3  Cool Base: 18.3  Method: Integration