NOAA-Style Climate Reports


Report for 2019 April
                   Monthly Climatological Summary for Apr 2019

Name: Durrow   City: Laois   State: Ireland
Elevation: 89 m  Lat: N 52° 50' 40"   Lon: W 007° 23' 18"

                  Temperature (°C), Rain (mm), Wind Speed (mph)

                                      Heat  Cool        Avg
    Mean                              Deg   Deg         Wind                 Dom
Day Temp  High   Time   Low    Time   Days  Days  Rain  Speed High   Time    Dir
----------------------------------------------------------------------------------
 1   6.7  12.7   13:06   1.1   05:04  11.6   0.0   1.3   0.0   0.0   10:00   ---
 2   3.7   6.8   16:23   1.9   04:03  14.6   0.0   3.8   0.0   0.0   10:00   ---
 3   4.6   8.1   14:04   1.8   05:40  13.7   0.0   4.1   0.0   0.0   10:00   ---
 4   3.7   8.4   14:41  -0.1   04:30  14.6   0.0   5.6   0.0   0.0   10:00   ---
 5   7.2  10.3   17:12   5.4   06:34  11.1   0.0   3.3   0.0   0.0   10:00   ---
 6   6.4  13.8   16:27  -0.1   05:53  11.9   0.0   0.2   0.0   0.0   10:00   ---
 7   8.5  13.5   15:43   3.9   04:08   9.8   0.0   0.0   0.0   0.0   10:00   ---
 8   9.7  14.3   13:15   5.9   05:28   8.6   0.0   0.0   0.0   0.0   10:00   ---
 9   5.9  10.9   15:45  -0.1   07:11  12.4   0.0   0.0   0.0   0.0   10:00   ---
10   7.4  11.5   16:32   4.1   05:47  10.9   0.0   0.0   0.0   0.0   10:00   ---
11   6.8  12.6   14:10   2.0   04:17  11.5   0.0   0.0   0.0   0.0   10:00   ---
12   6.9   9.3   17:43   3.9   01:07  11.4   0.0   0.0   0.0   0.0   10:00   ---
13   6.8  10.7   14:50   4.1   01:39  11.5   0.0   9.2   0.0   0.0   10:00   ---
14   5.2   6.2   09:26   4.0   02:05  13.1   0.0   6.1   0.0   0.0   10:00   ---
15   7.3   9.1   09:41   5.9   10:00  11.0   0.0   4.3   0.0   0.0   10:00   ---
16  10.2  15.8   15:58   7.2   05:59   8.1   0.0   0.2   0.0   0.0   10:00   ---
17  10.0  15.0   15:59   5.2   06:31   8.3   0.0   0.0   0.0   0.0   10:00   ---
18  12.4  18.4   14:43   5.5   06:48   5.9   0.0   0.0   0.0   0.0   10:00   ---
19  13.4  20.5   16:34   5.3   06:35   5.1   0.2   0.0   0.0   0.0   10:00   ---
----------------------------------------------------------------------------------
     7.5  20.5    19    -0.1     4   205.1   0.2  38.1   0.0   0.0     0     ---

Max >=  27.0:  0
Max <=   0.0:  0
Min <=   0.0:  3
Min <= -18.0:  0
Max Rain: 9.2 on day 13
Days of Rain: 10 (>= 0.2 mm)  8 (>= 1.0 mm)  0 (>= 20.0 mm)
Heat Base: 18.3  Cool Base: 18.3  Method: Integration