NOAA-Style Climate Reports


Report for 2019 August
                   Monthly Climatological Summary for Aug 2019

Name: Durrow   City: Laois   State: Ireland
Elevation: 89 m  Lat: N 52° 50' 40"   Lon: W 007° 23' 18"

                  Temperature (°C), Rain (mm), Wind Speed (mph)

                                      Heat  Cool        Avg
    Mean                              Deg   Deg         Wind                 Dom
Day Temp  High   Time   Low    Time   Days  Days  Rain  Speed High   Time    Dir
----------------------------------------------------------------------------------
 1  16.3  21.8   15:37  10.5   05:43   2.7   0.7   0.0   1.9   9.0   14:20   ESE
 2  18.3  24.1   15:35  13.7   05:16   1.7   1.6   4.4   5.8  21.0   17:48   SSE
 3  16.2  20.8   15:58  12.6   05:16   2.2   0.1   3.4   8.5  29.0   15:46     S
 4  15.1  21.7   13:50   9.4   04:55   3.6   0.4   9.4   7.3  23.0   15:24   SSW
 5  16.6  20.6   15:42  14.3   01:45   2.0   0.3   0.2   8.9  25.0   14:09    SW
 6  15.4  19.9   15:17  12.9   04:45   2.9   0.0   5.0   7.1  26.0   12:27     W
 7  14.8  20.9   15:29   9.3   06:20   3.7   0.2   1.6   3.8  17.0   14:03   WNW
 8  17.3  21.9   14:29  14.4   06:24   1.6   0.5  14.6  11.5  33.0   22:44    SE
 9  16.7  18.9   12:32  15.9   05:35   1.6   0.0  20.8   9.9  32.0   13:36   SSW
10  14.7  17.4   18:00  12.4   06:37   3.6   0.0   6.0   8.3  30.0   13:25     W
11  11.7  16.3   14:58   5.3   06:02   6.6   0.0   0.2   4.2  16.0   16:21    NW
12  11.3  16.9   15:34   5.2   04:39   7.0   0.0   3.8   3.7  20.0   17:07     W
13  14.9  17.3   13:37  13.4   23:04   3.4   0.0   4.2   6.0  17.0   14:55     S
14  16.0  21.5   13:52  12.1   06:29   2.5   0.2   0.4   9.4  30.0   17:37   WNW
15  16.6  20.9   17:34  13.7   04:54   2.1   0.3   5.6   8.6  26.0   07:44    SW
16  16.0  20.8   13:24  11.8   05:25   2.7   0.4   2.4   7.4  23.0   18:14   WSW
17  14.1  18.2   16:13  11.1   05:01   4.2   0.0   1.0   7.7  24.0   18:25   WSW
18  13.7  16.9   18:30  10.6   06:48   4.7   0.0   3.4   6.0  26.0   14:43   WNW
----------------------------------------------------------------------------------
    15.3  24.1     2     5.2    12    58.8   4.7  86.4   7.0  33.0     8      SW

Max >=  27.0:  0
Max <=   0.0:  0
Min <=   0.0:  0
Min <= -18.0:  0
Max Rain: 20.8 on day 9
Days of Rain: 17 (>= 0.2 mm)  14 (>= 1.0 mm)  1 (>= 20.0 mm)
Heat Base: 18.3  Cool Base: 18.3  Method: Integration