NOAA-Style Climate Reports


Report for 2019 September
                   Monthly Climatological Summary for Sep 2019

Name: Durrow   City: Laois   State: Ireland
Elevation: 89 m  Lat: N 52° 50' 40"   Lon: W 007° 23' 18"

                  Temperature (°C), Rain (mm), Wind Speed (mph)

                                      Heat  Cool        Avg
    Mean                              Deg   Deg         Wind                 Dom
Day Temp  High   Time   Low    Time   Days  Days  Rain  Speed High   Time    Dir
----------------------------------------------------------------------------------
 1  13.0  16.3   13:29   8.9   01:58   5.3   0.0   0.0   5.4  20.0   12:02     W
 2  14.6  17.1   17:05  12.9   20:28   3.7   0.0   0.8   6.5  24.0   11:29   WSW
 3  14.6  20.3   14:31   8.9   04:10   4.0   0.2   2.0   5.7  24.0   00:35     W
 4  11.1  15.8   13:08   7.1   04:27   7.2   0.0   0.8   8.9  36.0   16:07    NW
 5  14.0  17.7   15:46  12.0   02:01   4.3   0.0   2.0   8.3  27.0   18:57   WNW
 6  13.7  17.7   16:16  11.2   04:18   4.6   0.0   0.0   7.7  26.0   12:25    NW
 7  11.5  16.6   17:09   5.4   07:27   6.8   0.0   0.2   2.6  13.0   10:40    NW
 8  14.3  18.1   13:36  10.4   08:00   4.0   0.0   7.6   5.6  21.0   05:00    SW
 9  10.4  16.3   13:30   3.8   07:06   7.9   0.0   0.8   4.9  24.0   15:18   NNW
10  15.3  17.1   02:37  12.9   10:00   3.0   0.0   0.8   6.9  27.0   06:17   WSW
11  14.7  17.4   12:17  11.1   23:25   3.6   0.0   0.0   6.7  23.0   10:09   WNW
12  11.3  20.1   12:41   2.8   07:03   7.1   0.1   0.3   4.3  23.0   12:22   WNW
13  12.1  18.6   15:58   5.7   06:21   6.2   0.0   0.2   3.4  15.0   00:34     N
14  16.1  20.3   16:05  13.1   10:00   2.5   0.3   0.0   4.5  16.0   13:38   WSW
15  16.2  20.9   15:04  12.7   08:04   2.3   0.1   1.0   5.3  21.0   14:48     W
16   9.9  14.7   14:46   3.3   07:25   8.4   0.0   0.0   2.9  13.0   11:16   NNE
----------------------------------------------------------------------------------
    13.3  20.9    15     2.8    12    80.9   0.7  16.5   5.6  36.0     4     WNW

Max >=  27.0:  0
Max <=   0.0:  0
Min <=   0.0:  0
Min <= -18.0:  0
Max Rain: 7.6 on day 8
Days of Rain: 11 (>= 0.2 mm)  4 (>= 1.0 mm)  0 (>= 20.0 mm)
Heat Base: 18.3  Cool Base: 18.3  Method: Integration