NOAA-Style Climate Reports


Report for 2020 February
                   Monthly Climatological Summary for Feb 2020

Name: Durrow   City: Laois   State: Ireland
Elevation: 89 m  Lat: N 52° 50' 40"   Lon: W 007° 23' 18"

                  Temperature (°C), Rain (mm), Wind Speed (mph)

                                      Heat  Cool        Avg
    Mean                              Deg   Deg         Wind                 Dom
Day Temp  High   Time   Low    Time   Days  Days  Rain  Speed High   Time    Dir
----------------------------------------------------------------------------------
 1   7.0  10.4   14:31   4.3   02:06  11.3   0.0   7.0   7.8  36.0   12:20     N
 2   8.1  10.7   13:32   4.6   08:24  10.2   0.0   1.0   8.6  31.0   00:01     N
 3   4.8   7.6   14:32   3.4   04:39  13.5   0.0   1.6   9.4  30.0   23:08   NNW
 4   2.9   9.3   13:44  -1.9   01:01  15.4   0.0   0.0   5.0  25.0   12:21     N
 5   4.7   9.6   15:04  -1.0   09:00  13.6   0.0   0.4   4.9  18.0   11:25     N
 6   6.2   8.6   14:08   3.8   01:26  12.1   0.0   0.0   9.5  26.0   17:24     N
 7   6.3   9.7   16:34   1.2   07:10  12.1   0.0   2.2  12.5  37.0   10:43     N
 8   9.7  12.3   08:15   3.4   09:00   8.6   0.0  37.6  16.3  44.0   14:47   NNW
 9   6.6  11.9   10:11   1.9   08:54  11.7   0.0   8.2  14.2  43.0   10:57     W
10   2.1   3.7   15:31   0.4   10:03  16.2   0.0  13.4  10.5  45.0   15:47     W
11   1.8   5.2   14:28   0.4   05:03  16.4   0.0   5.2   8.3  34.0   10:49     W
12   4.8   7.1   13:19   2.1   09:00  13.5   0.0  10.4   8.8  35.0   22:17     S
13   6.0  10.1   08:55   2.1   21:33  12.3   0.0   0.6   8.9  36.0   05:46    SW
14   8.5  11.9   13:00   4.7   21:37   9.8   0.0   1.6  10.7  39.0   08:08   SSW
15   8.1  11.8   13:39   4.4   05:22  10.2   0.0  17.4  14.5  43.0   11:14    SW
16   4.9   7.9   13:28   3.2   16:04  13.4   0.0   3.8  12.8  41.0   12:16   WSW
----------------------------------------------------------------------------------
     5.8  12.3     8    -1.9     4   200.3   0.0 110.4  10.2  45.0    10     WNW

Max >=  27.0:  0
Max <=   0.0:  0
Min <=   0.0:  2
Min <= -18.0:  0
Max Rain: 37.6 on day 8
Days of Rain: 14 (>= 0.2 mm)  12 (>= 1.0 mm)  1 (>= 20.0 mm)
Heat Base: 18.3  Cool Base: 18.3  Method: Integration