NOAA-Style Climate Reports


Report for 2020 August
                   Monthly Climatological Summary for Aug 2020

Name: Durrow   City: Laois   State: Ireland
Elevation: 89 m  Lat: N 52° 50' 40"   Lon: W 007° 23' 18"

                  Temperature (°C), Rain (mm), Wind Speed (mph)

                                      Heat  Cool        Avg
    Mean                              Deg   Deg         Wind                 Dom
Day Temp  High   Time   Low    Time   Days  Days  Rain  Speed High   Time    Dir
----------------------------------------------------------------------------------
 1  13.7  18.1   14:21  10.1   04:58   4.6   0.0   3.4   4.5  17.0   10:50     W
 2  13.5  18.2   14:53  10.3   23:50   4.8   0.0   0.4   4.1  19.0   16:26   WNW
 3  14.6  18.4   18:08  11.4   03:39   3.7   0.0   1.8   5.8  22.0   07:54   WNW
 4  18.6  22.6   14:36  16.3   10:00   0.7   1.0   2.0  10.6  33.0   15:46    SW
 5  14.9  21.4   14:05   9.1   05:31   3.6   0.2   1.6   5.3  26.0   14:19     N
 6  16.8  20.2   13:14  14.7   10:00   1.6   0.1   2.8   8.9  24.0   14:30   SSE
 7  15.0  23.3   13:22   7.6   05:47   4.1   0.7   0.2   4.4  19.0   10:25    NW
 8  15.0  23.2   16:08   7.6   06:20   4.2   0.9   0.0   2.3  11.0   19:37   NNE
 9  15.5  21.2   16:16  11.3   02:16   3.2   0.4   0.0   2.6  11.0   14:05   NNE
10  15.4  17.5   16:56  12.8   03:25   2.9   0.0   0.2   2.4  11.0   13:57   NNE
11  16.4  21.8   18:51  12.5   00:49   2.6   0.6   0.2   2.1  10.0   13:47   NNE
----------------------------------------------------------------------------------
    15.4  23.3     7     7.6     7    36.0   3.9  12.6   4.8  33.0     4     WNW

Max >=  27.0:  0
Max <=   0.0:  0
Min <=   0.0:  0
Min <= -18.0:  0
Max Rain: 3.4 on day 1
Days of Rain: 9 (>= 0.2 mm)  5 (>= 1.0 mm)  0 (>= 20.0 mm)
Heat Base: 18.3  Cool Base: 18.3  Method: Integration