NOAA-Style Climate Reports


Report for 2020 September
                   Monthly Climatological Summary for Sep 2020

Name: Durrow   City: Laois   State: Ireland
Elevation: 89 m  Lat: N 52° 50' 40"   Lon: W 007° 23' 18"

                  Temperature (°C), Rain (mm), Wind Speed (mph)

                                      Heat  Cool        Avg
    Mean                              Deg   Deg         Wind                 Dom
Day Temp  High   Time   Low    Time   Days  Days  Rain  Speed High   Time    Dir
----------------------------------------------------------------------------------
 1  15.2  18.1   14:23  13.4   06:53   3.1   0.0   9.8   8.6  21.0   13:06     S
 2  17.0  21.7   16:35  13.3   02:32   2.0   0.7   2.4   7.6  25.0   11:50    SW
 3  13.7  18.4   13:39  10.6   03:50   4.6   0.0   0.6   6.3  26.0   12:28     W
 4  12.5  17.0   14:40   8.9   03:31   5.8   0.0   0.0   6.1  22.0   17:01   WNW
 5  13.4  16.9   14:32  12.0   22:13   4.9   0.0   4.2   5.8  24.0   12:31   WNW
 6  14.0  16.6   13:40  11.6   00:20   4.3   0.0   7.4   4.5  18.0   13:46   WNW
 7  16.8  18.6   15:49  14.8   10:00   1.5   0.0   0.0   5.9  25.0   16:27     W
 8  17.4  23.1   14:51   9.9   07:11   1.9   1.0   0.0   5.7  18.0   13:53     W
 9  13.6  17.5   14:18  10.9   07:23   4.7   0.0   0.0   3.6  21.0   10:44    NW
10  13.1  14.7   14:49  11.5   05:03   5.2   0.0   0.0   5.8  22.0   09:23    SW
11  12.3  15.7   12:32  10.1   06:04   6.0   0.0   1.6   5.2  24.0   10:27     W
12  15.6  18.1   15:32  13.3   10:00   2.7   0.0   0.0   7.5  21.0   15:24    SW
13  16.5  21.1   13:55  13.7   05:28   2.2   0.4   0.0   8.1  23.0   12:25   SSW
14  16.4  19.3   13:27  14.1   07:25   2.0   0.1   0.2   5.3  21.0   11:01   SSE
15  16.8  23.4   16:18  11.9   04:50   2.6   1.1   0.0   1.9  10.0   10:14    SW
16  16.6  23.8   13:03  11.8   01:59   2.8   1.0   0.0   2.4  13.0   15:55   ENE
17  14.9  21.8   14:48   9.3   06:31   4.1   0.7   0.2   3.2  12.0   13:30   ESE
18  11.6  18.6   13:59   6.6   07:21   6.8   0.0   0.2   5.5  24.0   15:29   ENE
19  11.6  16.9   14:17   8.2   05:02   6.7   0.0   0.2   5.5  24.0   16:28    NE
20  11.0  19.3   15:27   4.9   02:42   7.3   0.0   0.2   2.4  13.0   11:01   ENE
21  13.6  19.3   16:42   8.8   10:00   4.8   0.0   0.0   3.0  18.0   06:59     W
22  12.4  18.4   15:23   8.3   08:20   5.9   0.0   3.8   5.4  23.0   15:38     W
23   8.9  14.2   15:49   5.6   20:39   9.4   0.0  12.2   5.6  21.0   05:19    SW
----------------------------------------------------------------------------------
    14.1  23.8    16     4.9    20   101.3   5.0  43.0   5.3  26.0     3     WSW

Max >=  27.0:  0
Max <=   0.0:  0
Min <=   0.0:  0
Min <= -18.0:  0
Max Rain: 12.2 on day 23
Days of Rain: 13 (>= 0.2 mm)  7 (>= 1.0 mm)  0 (>= 20.0 mm)
Heat Base: 18.3  Cool Base: 18.3  Method: Integration