NOAA-Style Climate Reports


Report for 2020 October
                   Monthly Climatological Summary for Oct 2020

Name: Durrow   City: Laois   State: Ireland
Elevation: 89 m  Lat: N 52° 50' 40"   Lon: W 007° 23' 18"

                  Temperature (°C), Rain (mm), Wind Speed (mph)

                                      Heat  Cool        Avg
    Mean                              Deg   Deg         Wind                 Dom
Day Temp  High   Time   Low    Time   Days  Days  Rain  Speed High   Time    Dir
----------------------------------------------------------------------------------
 1   7.5  11.4   12:16   4.5   08:06  10.8   0.0  12.0   4.9  26.0   14:32   ENE
 2   9.2  13.2   15:09   5.6   05:02   9.1   0.0   0.2   6.6  25.0   13:47     N
 3   9.0  13.1   17:13   6.4   00:04   9.3   0.0   0.4   8.9  33.0   08:47    NW
 4  10.7  12.0   01:42   8.2   10:20   7.6   0.0  13.6  12.7  39.0   11:34    NW
 5  11.3  13.8   15:30  10.2   03:47   7.0   0.0   6.0   6.8  23.0   13:32   WNW
 6   9.6  13.6   14:33   5.7   07:49   8.7   0.0   3.2   6.9  25.0   10:33   WNW
 7  10.8  14.1   01:10   8.3   07:24   7.5   0.0  12.8   5.7  21.0   01:16   WSW
 8   9.4  13.6   15:12   6.9   20:21   8.9   0.0   0.4   5.5  20.0   14:51   WNW
 9   7.6  11.2   14:14   5.4   02:05  10.7   0.0   1.6   5.8  26.0   15:20   WNW
10   9.6  12.6   16:10   7.2   08:12   8.7   0.0   1.0   7.2  23.0   15:06    NW
11  10.1  14.3   15:27   5.8   21:12   8.2   0.0   6.2   3.5  19.0   08:37   WSW
12   9.2  13.1   13:43   6.9   00:04   9.1   0.0   2.0   8.4  24.0   13:19    NW
13   9.4  11.9   15:59   7.1   00:35   8.9   0.0   0.0   6.0  22.0   22:48   NNE
14   9.1  14.9   13:27   5.6   00:15   9.2   0.0   0.2   4.5  22.0   13:41     E
15   8.4  14.2   12:37   2.8   04:34   9.9   0.0   1.0   3.2  17.0   09:39   ESE
16   8.6  12.4   13:27   5.1   21:03   9.7   0.0   0.4   6.5  23.0   14:00   ESE
17   7.0  10.9   12:25   1.4   07:06  11.3   0.0   0.2   5.0  21.0   17:43     E
18  11.4  14.6   16:25   6.1   10:00   6.9   0.0   0.4   7.5  25.0   07:53     S
19  11.8  12.8   02:49  10.7   18:29   6.5   0.0  20.4  12.0  39.0   09:48   SSE
----------------------------------------------------------------------------------
     9.5  14.9    14     1.4    17   168.0   0.0  82.0   6.7  39.0     4      NW

Max >=  27.0:  0
Max <=   0.0:  0
Min <=   0.0:  0
Min <= -18.0:  0
Max Rain: 20.4 on day 19
Days of Rain: 18 (>= 0.2 mm)  11 (>= 1.0 mm)  1 (>= 20.0 mm)
Heat Base: 18.3  Cool Base: 18.3  Method: Integration