NOAA-Style Climate Reports


Report for 2021 February
                   Monthly Climatological Summary for Feb 2021

Name: Durrow   City: Laois   State: Ireland
Elevation: 89 m  Lat: N 52° 50' 40"   Lon: W 007° 23' 18"

                  Temperature (°C), Rain (mm), Wind Speed (mph)

                                      Heat  Cool        Avg
    Mean                              Deg   Deg         Wind                 Dom
Day Temp  High   Time   Low    Time   Days  Days  Rain  Speed High   Time    Dir
----------------------------------------------------------------------------------
 1   6.9   9.7   04:19   4.3   09:00  11.4   0.0   9.0  10.6  24.0   13:16    SE
 2   8.0  10.4   13:23   4.7   07:47  10.3   0.0   9.8   7.1  20.0   11:53   SSW
 3   7.2   8.3   11:17   5.6   09:00  11.1   0.0   4.0   8.3  29.0   01:28     S
 4   6.4  10.1   12:55   3.9   05:10  11.9   0.0   3.6   4.9  16.0   03:33   WSW
 5   4.8   6.6   13:03   2.9   23:58  13.5   0.0   0.8   4.4  17.0   12:11   WNW
 6   4.6   6.4   15:33   3.4   20:17  13.7   0.0   0.6   6.6  20.0   06:44    NE
 7   2.2   4.4   12:36   0.9   04:02  16.1   0.0   0.0  15.5  34.0   13:30   ENE
 8   1.0   3.0   12:17  -0.7   04:46  17.3   0.0   0.0  13.5  32.0   07:40   ENE
 9   0.3   2.1   14:32  -1.4   05:37  18.0   0.0   0.0  11.0  31.0   12:19   ENE
10   0.7   3.4   13:00  -1.2   23:34  17.6   0.0   0.0  12.6  35.0   07:31     E
11   1.5   2.1   08:21   0.2   09:00  16.8   0.0   0.0  21.0  46.0   12:55   ESE
12   1.9   3.7   12:52  -0.3   00:33  16.4   0.0   3.2  22.5  49.0   22:38   ESE
13   6.3  10.9   08:40   2.1   09:00  12.0   0.0   9.6  20.1  40.0   15:01    SE
14   9.1  13.0   14:24   6.4   22:40   9.2   0.0   7.4  11.1  44.0   10:47   SSE
15   9.6  12.8   13:46   7.7   06:41   8.7   0.0   3.4  11.9  34.0   23:03   SSE
16   7.5  10.8   15:13   3.2   07:40  10.8   0.0   6.4   8.5  31.0   03:50     S
17   6.5  10.9   14:02   1.6   02:30  11.8   0.0  17.0  10.1  39.0   23:50     S
18   6.7   9.5   08:57   2.9   20:09  11.7   0.0   6.8  11.7  41.0   01:15   SSE
19   9.6  11.3   15:28   8.1   00:18   8.7   0.0   7.0  11.2  34.0   11:54   SSE
20   8.3  11.4   14:35   4.9   06:16  10.0   0.0   4.8  12.2  45.0   11:43   SSE
21   6.6  11.4   12:34   2.6   05:50  11.7   0.0   0.2   7.0  23.0   15:20   SSE
22   8.8  11.2   13:07   4.7   09:00   9.5   0.0  12.6  16.5  46.0   08:14    SE
23  10.6  12.5   10:59   8.0   08:52   7.7   0.0  11.4  13.8  44.0   09:03   SSE
24   6.9  10.6   14:31   3.7   07:09  11.4   0.0   3.0   6.2  22.0   10:16     S
25   4.8  10.1   13:29   1.4   07:14  13.5   0.0   0.2   4.8  20.0   14:07     S
26   6.7  11.8   13:34   3.1   05:08  11.6   0.0   0.0   7.0  21.0   13:14    SE
----------------------------------------------------------------------------------
     5.9  13.0    14    -1.4     9   322.4   0.0 120.8  11.2  49.0    12      SE

Max >=  27.0:  0
Max <=   0.0:  0
Min <=   0.0:  4
Min <= -18.0:  0
Max Rain: 17.0 on day 17
Days of Rain: 20 (>= 0.2 mm)  16 (>= 1.0 mm)  0 (>= 20.0 mm)
Heat Base: 18.3  Cool Base: 18.3  Method: Integration