NOAA-Style Climate Reports


Report for 2021 April
                   Monthly Climatological Summary for Apr 2021

Name: Durrow   City: Laois   State: Ireland
Elevation: 89 m  Lat: N 52° 50' 40"   Lon: W 007° 23' 18"

                  Temperature (°C), Rain (mm), Wind Speed (mph)

                                      Heat  Cool        Avg
    Mean                              Deg   Deg         Wind                 Dom
Day Temp  High   Time   Low    Time   Days  Days  Rain  Speed High   Time    Dir
----------------------------------------------------------------------------------
 1   7.4  13.8   14:49   2.7   07:08   9.5   0.0   0.2   5.1  20.0   16:10   NNE
 2   6.0  12.7   16:31  -0.1   07:02  12.3   0.0   0.0   5.2  21.0   17:51   NNE
 3   6.3  13.8   16:04  -1.3   06:27  12.0   0.0   0.0   2.6  14.0   10:59    NE
 4   8.6  13.4   15:18   4.7   06:26   9.7   0.0   0.2   8.3  24.0   03:00     W
 5   2.4   7.3   17:30  -1.5   02:40  15.9   0.0   0.0   6.2  25.0   13:33   NNW
 6   4.5   8.7   16:18  -0.7   05:58  13.8   0.0   0.4   6.2  26.0   13:32   NNW
 7   6.6  10.9   16:14   3.6   00:39  11.7   0.0   0.4   5.6  19.0   19:31   NNW
 8   7.2  11.2   16:09   3.8   07:10  11.1   0.0   1.8   5.9  24.0   12:13    SW
 9   3.2   9.0   13:26  -2.5   06:34  15.1   0.0   1.8   3.3  24.0   17:29     N
10   2.4   9.1   16:30  -2.4   06:21  15.9   0.0   1.0   4.0  19.0   19:03   WNW
11   5.7   8.7   14:57   2.6   05:09  12.5   0.0   0.0   5.4  25.0   22:34     W
12   5.1  11.9   14:42  -1.1   06:44  13.2   0.0   2.8   2.4  18.0   17:17   WSW
13   7.1  14.1   15:36  -0.5   07:05  11.2   0.0   0.0   2.1  12.0   22:16   ESE
14   6.4  14.3   14:28  -1.9   06:13  11.9   0.0   0.0   3.6  14.0   15:19   ESE
15   7.1  13.6   13:40   0.2   06:32  11.2   0.0   0.2   7.1  20.0   17:53    SE
16   7.0  11.1   14:13   3.8   04:30  11.3   0.0   0.0   8.1  22.0   12:31    SE
----------------------------------------------------------------------------------
     5.8  14.3    14    -2.5     9   198.3   0.0   8.8   5.1  26.0     6     NNW

Max >=  27.0:  0
Max <=   0.0:  0
Min <=   0.0:  9
Min <= -18.0:  0
Max Rain: 2.8 on day 12
Days of Rain: 9 (>= 0.2 mm)  4 (>= 1.0 mm)  0 (>= 20.0 mm)
Heat Base: 18.3  Cool Base: 18.3  Method: Integration