NOAA-Style Climate Reports


Report for 2021 November
                   Monthly Climatological Summary for Nov 2021

Name: Durrow   City: Laois   State: Ireland
Elevation: 89 m  Lat: N 52° 50' 40"   Lon: W 007° 23' 18"

                  Temperature (°C), Rain (mm), Wind Speed (mph)

                                      Heat  Cool        Avg
    Mean                              Deg   Deg         Wind                 Dom
Day Temp  High   Time   Low    Time   Days  Days  Rain  Speed High   Time    Dir
----------------------------------------------------------------------------------
 1   6.4  11.3   12:18   1.4   07:35  11.9   0.0   0.2   4.7  21.0   11:34     W
 2   6.0  11.2   14:00   3.3   09:00  12.3   0.0   0.4   4.8  13.0   11:22     W
 3   5.8  10.7   13:43   0.9   07:53  12.5   0.0   0.0   5.7  24.0   12:00    NW
 4   7.2   9.8   12:08   2.7   09:00  11.1   0.0   0.0   4.3  17.0   12:47   WNW
 5   9.4  10.8   11:51   6.8   09:00   8.8   0.0   0.4   5.1  22.0   07:14    SW
 6   8.8  13.6   15:00   3.3   08:15   9.5   0.0   0.8   7.2  31.0   15:14     W
 7   8.9  12.1   14:01   5.3   09:00   9.4   0.0   5.2   5.3  18.0   06:24     S
 8  14.0  16.7   13:20  11.9   09:00   4.3   0.0   0.0   7.0  20.0   17:05   SSW
 9  10.3  13.5   12:44   6.2   08:25   8.0   0.0   0.2   2.2  12.0   09:21     W
10   9.0  12.3   11:52   6.1   03:55   9.3   0.0   0.2   3.1  18.0   07:47   SSE
11  11.8  12.8   22:18  10.3   06:52   6.5   0.0   4.0  11.5  31.0   16:22     S
12  10.9  13.1   14:16   9.6   08:42   7.4   0.0   0.2   8.5  28.0   13:07     W
13  11.3  13.1   14:38   9.2   06:09   7.0   0.0   0.2   2.8  12.0   22:14     S
14  11.2  14.0   13:33   8.9   07:35   7.1   0.0   2.2   5.7  18.0   17:55   SSE
15   9.3  11.9   15:21   7.4   05:30   9.0   0.0   0.0   2.7  11.0   06:25    SW
16   9.3  12.4   14:39   7.0   00:25   9.0   0.0   0.0   4.7  18.0   10:29   WSW
17  10.5  11.9   08:56   8.6   09:00   7.8   0.0   0.0   4.9  19.0   02:23   WSW
18  11.9  13.4   12:35  10.2   07:37   6.4   0.0   0.0   4.6  16.0   20:07    SW
19  10.2  11.4   11:46   9.4   08:04   8.1   0.0   0.2   3.8  13.0   15:59    SW
20   6.4  12.7   11:16   1.2   08:45  11.9   0.0   1.0   4.7  17.0   13:33     W
21   2.6   7.8   13:01  -1.9   08:15  15.8   0.0   0.0   3.6  23.0   13:28   NNW
22   1.8   8.7   14:34  -2.3   00:46  16.5   0.0   0.2   1.0   6.0   11:21   NNW
23   3.2   5.8   13:25  -1.1   03:15  15.1   0.0   0.2   2.3  11.0   05:58   ESE
24   3.0   7.0   13:14   0.4   20:15  15.3   0.0   1.0   4.5  13.0   14:45   WNW
25   5.8   8.3   05:12   1.0   09:00  12.5   0.0   1.2   8.5  30.0   07:36   WNW
26   3.6   7.7   10:56   1.7   08:37  14.7   0.0   1.8   9.9  34.0   12:31    NW
27   2.7   5.2   13:21   1.3   00:02  15.6   0.0   0.6   5.4  26.0   13:22    NW
28   3.3   5.7   16:50   0.6   22:29  15.0   0.0   1.0   2.2  11.0   10:51   SSE
----------------------------------------------------------------------------------
     7.7  16.7     8    -2.3    22   297.8   0.0  21.2   5.0  34.0    26     WSW

Max >=  27.0:  0
Max <=   0.0:  0
Min <=   0.0:  3
Min <= -18.0:  0
Max Rain: 5.2 on day 7
Days of Rain: 20 (>= 0.2 mm)  8 (>= 1.0 mm)  0 (>= 20.0 mm)
Heat Base: 18.3  Cool Base: 18.3  Method: Integration