NOAA-Style Climate Reports


Report for 2022 November
                   Monthly Climatological Summary for Nov 2022

Name: Durrow   City: Laois   State: Ireland
Elevation: 89 m  Lat: N 52° 50' 40"   Lon: W 007° 23' 18"

                  Temperature (°C), Rain (mm), Wind Speed (mph)

                                      Heat  Cool        Avg
    Mean                              Deg   Deg         Wind                 Dom
Day Temp  High   Time   Low    Time   Days  Days  Rain  Speed High   Time    Dir
----------------------------------------------------------------------------------
 1   8.3  12.1   10:54   4.6   01:09  10.0   0.0   3.2   7.8  34.0   07:20     N
 2   8.6  13.2   12:20   4.7   03:49   9.7   0.0   5.4  11.2  41.0   13:56   SSW
 3   6.3  10.0   15:07   2.5   07:33  12.0   0.0   0.4   4.3  15.0   09:02     W
 4   9.5  12.1   08:32   5.6   09:00   8.8   0.0   7.0   6.2  22.0   05:29     S
 5  10.5  13.7   14:28   7.9   07:49   7.8   0.0   5.6   7.4  25.0   22:48     S
 6  10.3  12.7   08:36   7.3   21:46   8.0   0.0   5.0   8.9  30.0   08:30   SSW
 7  10.8  14.1   13:04   7.4   01:44   7.5   0.0  15.4  10.5  38.0   15:36     S
 8   9.4  11.9   14:22   7.7   05:25   8.9   0.0   0.8   7.1  24.0   11:43   NNW
 9  12.3  13.9   08:38   9.2   09:00   6.0   0.0   0.8   9.1  28.0   05:56     N
10  14.6  15.3   07:16  13.5   09:00   3.7   0.0   0.4  15.0  46.0   08:22     N
11  14.1  15.6   12:18  12.1   08:51   4.2   0.0   5.6  10.3  42.0   11:44     N
12  12.6  13.3   08:46  11.7   02:42   5.7   0.0   0.0  10.9  24.0   22:32     N
13  11.4  14.6   11:21   8.3   08:59   6.9   0.0  13.8   7.3  28.0   11:19     N
14   8.8  11.9   23:50   3.2   08:08   9.5   0.0   8.0   9.5  38.0   20:05     N
15   5.8  10.2   13:36   1.1   08:02  12.5   0.0   0.8   5.4  18.0   13:55     N
16   4.6   9.2   13:27   0.4   07:01  13.7   0.0   1.0   1.4   7.0   12:11     N
17   5.9   9.7   13:43   0.8   09:00  12.4   0.0   0.4   5.0  21.0   00:37     N
18   3.2   9.6   13:10  -2.1   03:09  15.1   0.0   0.0   4.0  17.0   13:39     N
19   6.1   8.1   19:19   2.6   09:00  12.2   0.0   3.8   7.0  30.0   15:33     N
20   7.1   9.0   13:41   4.4   18:00  11.2   0.0  22.6   8.2  29.0   04:33     N
21   6.2   8.0   12:33   4.1   08:41  12.2   0.0   5.4   5.0  24.0   12:38     N
22   6.2   9.3   02:37   4.3   09:00  12.1   0.0   4.4   6.3  31.0   02:40     N
23   7.7   9.9   07:38   4.8   03:40  10.6   0.0   8.4  10.3  39.0   07:56     N
24   7.5  10.6   12:14   6.1   16:08  10.8   0.0   0.8   8.8  34.0   14:20     N
----------------------------------------------------------------------------------
     8.7  15.6    11    -2.1    18   231.5   0.0 119.0   7.8  46.0    10       N

Max >=  27.0:  0
Max <=   0.0:  0
Min <=   0.0:  1
Min <= -18.0:  0
Max Rain: 22.6 on day 20
Days of Rain: 22 (>= 0.2 mm)  15 (>= 1.0 mm)  1 (>= 20.0 mm)
Heat Base: 18.3  Cool Base: 18.3  Method: Integration