NOAA-Style Climate Reports


Report for 2024 April
                   Monthly Climatological Summary for Apr 2024

Name: Durrow   City: Laois   State: Ireland
Elevation: 89 m  Lat: N 52° 50' 40"   Lon: W 007° 23' 18"

                  Temperature (°C), Rain (mm), Wind Speed (mph)

                                      Heat  Cool        Avg
    Mean                              Deg   Deg         Wind                 Dom
Day Temp  High   Time   Low    Time   Days  Days  Rain  Speed High   Time    Dir
----------------------------------------------------------------------------------
 1   7.9  13.3   15:16   3.3   05:18  10.4   0.0   1.6   3.4  14.0   16:54     N
 2   8.6  12.3   14:21   7.1   04:50   9.7   0.0   8.3   6.2  19.0   15:47     N
 3   8.9  12.9   16:30   6.8   04:31   9.4   0.0   3.2   3.5  18.0   19:26   NNE
 4  10.8  12.8   13:44   8.4   10:00   7.5   0.0   9.9   8.9  27.0   09:05     N
 5  12.4  14.4   15:26  10.4   21:40   5.9   0.0   7.3  14.9  44.0   06:29     N
 6  10.3  13.9   14:19   7.3   22:46   8.0   0.0   3.5  15.0  51.0   11:23   WNW
 7   9.0  13.6   14:19   5.8   02:26   9.3   0.0   6.0   7.8  33.0   12:58     W
 8   6.1   8.2   09:54   4.7   06:36  12.2   0.0  16.4   8.5  27.0   03:21    NW
 9   8.7  12.7   15:10   4.0   23:55   9.6   0.0   3.6   9.8  32.0   11:27     N
10  14.1  17.7   15:47  11.0   10:00   4.2   0.0   0.3   7.5  28.0   16:54     W
11  13.1  15.1   11:24  11.6   04:26   5.2   0.0   2.4   8.5  25.0   19:35   SSW
12  12.7  14.8   15:25  10.9   02:21   5.6   0.0   0.0   8.0  25.0   13:55     S
13   9.0  14.6   11:13   5.1   04:34   9.3   0.0   0.1   8.7  31.0   16:07   WNW
14   8.9  12.3   15:39   4.8   06:49   9.4   0.0   2.7  10.5  39.0   03:29    NW
15   7.9  10.2   16:58   5.3   10:09  10.4   0.0   1.1  13.4  39.0   12:20    NW
16   7.7  12.3   15:04   4.1   06:04  10.6   0.0   0.4   6.8  26.0   11:12   NNW
----------------------------------------------------------------------------------
     9.8  17.7    10     3.3     1   136.7   0.0  66.8   8.8  51.0     6      NW

Max >=  27.0:  0
Max <=   0.0:  0
Min <=   0.0:  0
Min <= -18.0:  0
Max Rain: 16.4 on day 8
Days of Rain: 14 (>= 0.2 mm)  12 (>= 1.0 mm)  0 (>= 20.0 mm)
Heat Base: 18.3  Cool Base: 18.3  Method: Integration